CRAN Package Check Results for Package pense

Last updated on 2025-04-30 04:50:14 CEST.

Flavor Version Tinstall Tcheck Ttotal Status Flags
r-devel-linux-x86_64-debian-clang 2.2.2 346.54 122.66 469.20 OK
r-devel-linux-x86_64-debian-gcc 2.2.2 279.61 86.32 365.93 OK
r-devel-linux-x86_64-fedora-clang 2.2.2 842.88 OK
r-devel-linux-x86_64-fedora-gcc 2.2.2 977.83 OK
r-devel-windows-x86_64 2.2.2 361.00 172.00 533.00 OK
r-patched-linux-x86_64 2.2.2 384.83 117.90 502.73 OK
r-release-linux-x86_64 2.2.2 380.72 117.36 498.08 OK
r-release-macos-arm64 2.2.2 216.00 OK
r-release-macos-x86_64 2.2.2 265.00 OK
r-release-windows-x86_64 2.2.2 362.00 174.00 536.00 OK
r-oldrel-macos-arm64 2.2.2 207.00 NOTE
r-oldrel-macos-x86_64 2.2.2 405.00 NOTE
r-oldrel-windows-x86_64 2.2.2 417.00 218.00 635.00 OK

Check Details

Version: 2.2.2
Check: installed package size
Result: NOTE installed size is 52.4Mb sub-directories of 1Mb or more: libs 51.2Mb Flavors: r-oldrel-macos-arm64, r-oldrel-macos-x86_64