Last updated on 2025-11-03 03:49:50 CET.
| Flavor | Version | Tinstall | Tcheck | Ttotal | Status | Flags | 
|---|---|---|---|---|---|---|
| r-devel-linux-x86_64-debian-clang | 1.3.6 | 7.56 | 101.90 | 109.46 | NOTE | |
| r-devel-linux-x86_64-debian-gcc | 1.3.6 | 5.33 | 69.51 | 74.84 | NOTE | |
| r-devel-linux-x86_64-fedora-clang | 1.3.6 | 18.00 | 151.23 | 169.23 | OK | |
| r-devel-linux-x86_64-fedora-gcc | 1.3.6 | 16.00 | 152.43 | 168.43 | OK | |
| r-devel-windows-x86_64 | 1.3.6 | 9.00 | 124.00 | 133.00 | OK | |
| r-patched-linux-x86_64 | 1.3.6 | 7.12 | 98.74 | 105.86 | OK | |
| r-release-linux-x86_64 | 1.3.6 | 7.03 | 95.40 | 102.43 | OK | |
| r-release-macos-arm64 | 1.3.6 | 4.00 | 65.00 | 69.00 | OK | |
| r-release-macos-x86_64 | 1.3.6 | 10.00 | 126.00 | 136.00 | OK | |
| r-release-windows-x86_64 | 1.3.6 | 9.00 | 111.00 | 120.00 | OK | |
| r-oldrel-macos-arm64 | 1.3.6 | 3.00 | 54.00 | 57.00 | OK | |
| r-oldrel-macos-x86_64 | 1.3.6 | 6.00 | 96.00 | 102.00 | OK | |
| r-oldrel-windows-x86_64 | 1.3.6 | 10.00 | 154.00 | 164.00 | OK | 
Version: 1.3.6
Check: CRAN incoming feasibility
Result: NOTE
  Maintainer: ‘Levi Waldron <lwaldron.research@gmail.com>’
  
  No Authors@R field in DESCRIPTION.
  Please add one, modifying
    Authors@R: person(given = "Levi",
                      family = "Waldron",
                      role = c("aut", "cre"),
                      email = "lwaldron.research@gmail.com")
  as necessary.
  
  Package CITATION file contains call(s) to old-style citEntry().  Please
  use bibentry() instead.
Flavors: r-devel-linux-x86_64-debian-clang, r-devel-linux-x86_64-debian-gcc