CRAN Package Check Results for Package pepe

Last updated on 2025-04-30 04:50:14 CEST.

Flavor Version Tinstall Tcheck Ttotal Status Flags
r-devel-linux-x86_64-debian-clang 1.2.0 6.29 67.18 73.47 NOTE
r-devel-linux-x86_64-debian-gcc 1.2.0 4.32 49.48 53.80 NOTE
r-devel-linux-x86_64-fedora-clang 1.2.0 106.64 OK
r-devel-linux-x86_64-fedora-gcc 1.2.0 119.81 OK
r-devel-windows-x86_64 1.2.0 7.00 90.00 97.00 OK
r-patched-linux-x86_64 1.2.0 5.47 62.12 67.59 OK
r-release-linux-x86_64 1.2.0 6.18 62.60 68.78 OK
r-release-macos-arm64 1.2.0 48.00 OK
r-release-macos-x86_64 1.2.0 78.00 OK
r-release-windows-x86_64 1.2.0 9.00 88.00 97.00 OK
r-oldrel-macos-arm64 1.2.0 44.00 OK
r-oldrel-macos-x86_64 1.2.0 95.00 OK
r-oldrel-windows-x86_64 1.2.0 10.00 100.00 110.00 OK

Check Details

Version: 1.2.0
Check: CRAN incoming feasibility
Result: NOTE Maintainer: ‘Seyma Kalay <seymakalay@hotmail.com>’ No Authors@R field in DESCRIPTION. Please add one, modifying Authors@R: person(given = "Seyma", family = "Kalay", role = c("aut", "cre"), email = "seymakalay@hotmail.com") as necessary. Flavors: r-devel-linux-x86_64-debian-clang, r-devel-linux-x86_64-debian-gcc