CRAN Package Check Results for Package peperr

Last updated on 2025-07-05 04:50:22 CEST.

Flavor Version Tinstall Tcheck Ttotal Status Flags
r-devel-linux-x86_64-debian-clang 1.5 8.45 59.58 68.03 NOTE
r-devel-linux-x86_64-debian-gcc 1.5 6.33 44.67 51.00 NOTE
r-devel-linux-x86_64-fedora-clang 1.5 100.76 OK
r-devel-linux-x86_64-fedora-gcc 1.5 92.74 OK
r-devel-windows-x86_64 1.5 11.00 72.00 83.00 OK
r-patched-linux-x86_64 1.5 8.41 54.80 63.21 OK
r-release-linux-x86_64 1.5 7.63 55.41 63.04 OK
r-release-macos-arm64 1.5 38.00 OK
r-release-macos-x86_64 1.5 63.00 OK
r-release-windows-x86_64 1.5 12.00 72.00 84.00 OK
r-oldrel-macos-arm64 1.5 36.00 OK
r-oldrel-macos-x86_64 1.5 47.00 OK
r-oldrel-windows-x86_64 1.5 13.00 88.00 101.00 OK

Check Details

Version: 1.5
Check: CRAN incoming feasibility
Result: NOTE Maintainer: ‘Frederic Bertrand <frederic.bertrand@utt.fr>’ No Authors@R field in DESCRIPTION. Please add one, modifying Authors@R: c(person(given = "Christine", family = "Porzelius", role = "aut"), person(given = "Harald", family = "Binder", role = "aut"), person(given = "Frederic", family = "Bertrand", role = "cre", email = "frederic.bertrand@utt.fr")) as necessary. Flavors: r-devel-linux-x86_64-debian-clang, r-devel-linux-x86_64-debian-gcc