Last updated on 2025-04-30 04:50:14 CEST.
Flavor | Version | Tinstall | Tcheck | Ttotal | Status | Flags |
---|---|---|---|---|---|---|
r-devel-linux-x86_64-debian-clang | 0.0.1 | 11.95 | 26.64 | 38.59 | NOTE | |
r-devel-linux-x86_64-debian-gcc | 0.0.1 | 9.64 | 21.44 | 31.08 | NOTE | |
r-devel-linux-x86_64-fedora-clang | 0.0.1 | 65.92 | OK | |||
r-devel-linux-x86_64-fedora-gcc | 0.0.1 | 66.69 | OK | |||
r-devel-windows-x86_64 | 0.0.1 | 15.00 | 70.00 | 85.00 | OK | |
r-patched-linux-x86_64 | 0.0.1 | 13.54 | 25.64 | 39.18 | OK | |
r-release-linux-x86_64 | 0.0.1 | 13.58 | 25.78 | 39.36 | OK | |
r-release-macos-arm64 | 0.0.1 | 23.00 | OK | |||
r-release-macos-x86_64 | 0.0.1 | 41.00 | OK | |||
r-release-windows-x86_64 | 0.0.1 | 15.00 | 67.00 | 82.00 | OK | |
r-oldrel-macos-arm64 | 0.0.1 | 21.00 | OK | |||
r-oldrel-macos-x86_64 | 0.0.1 | 30.00 | OK | |||
r-oldrel-windows-x86_64 | 0.0.1 | 13.00 | 74.00 | 87.00 | OK |
Version: 0.0.1
Check: CRAN incoming feasibility
Result: NOTE
Maintainer: ‘Fabio Demarqui <fndemarqui@est.ufmg.br>’
Package CITATION file contains call(s) to old-style personList() or
as.personList(). Please use c() on person objects instead.
Package CITATION file contains call(s) to old-style citEntry(). Please
use bibentry() instead.
Flavors: r-devel-linux-x86_64-debian-clang, r-devel-linux-x86_64-debian-gcc