Last updated on 2025-04-30 04:50:14 CEST.
Flavor | Version | Tinstall | Tcheck | Ttotal | Status | Flags |
---|---|---|---|---|---|---|
r-devel-linux-x86_64-debian-clang | 0.13.0 | 17.55 | 223.79 | 241.34 | NOTE | |
r-devel-linux-x86_64-debian-gcc | 0.13.0 | 12.77 | 147.75 | 160.52 | NOTE | |
r-devel-linux-x86_64-fedora-clang | 0.13.0 | 408.91 | OK | |||
r-devel-linux-x86_64-fedora-gcc | 0.13.0 | 403.55 | OK | |||
r-devel-windows-x86_64 | 0.13.0 | 21.00 | 202.00 | 223.00 | OK | |
r-patched-linux-x86_64 | 0.13.0 | 21.02 | 208.58 | 229.60 | OK | |
r-release-linux-x86_64 | 0.13.0 | 18.37 | 210.95 | 229.32 | OK | |
r-release-macos-arm64 | 0.13.0 | 97.00 | OK | |||
r-release-macos-x86_64 | 0.13.0 | 225.00 | OK | |||
r-release-windows-x86_64 | 0.13.0 | 22.00 | 198.00 | 220.00 | OK | |
r-oldrel-macos-arm64 | 0.13.0 | 85.00 | OK | |||
r-oldrel-macos-x86_64 | 0.13.0 | 180.00 | OK | |||
r-oldrel-windows-x86_64 | 0.13.0 | 26.00 | 263.00 | 289.00 | OK |
Version: 0.13.0
Check: examples
Result: NOTE
Examples with CPU (user + system) or elapsed time > 5s
user system elapsed
check_dag 7.93 0.364 9.679
Flavor: r-devel-linux-x86_64-debian-clang
Version: 0.13.0
Check: examples
Result: NOTE
Examples with CPU (user + system) or elapsed time > 5s
user system elapsed
check_dag 4.771 0.17 5.025
Flavor: r-devel-linux-x86_64-debian-gcc