Last updated on 2025-04-30 04:50:14 CEST.
Flavor | Version | Tinstall | Tcheck | Ttotal | Status | Flags |
---|---|---|---|---|---|---|
r-devel-linux-x86_64-debian-clang | 1.0-0.4 | 2.53 | 29.39 | 31.92 | NOTE | |
r-devel-linux-x86_64-debian-gcc | 1.0-0.4 | 1.81 | 22.36 | 24.17 | NOTE | |
r-devel-linux-x86_64-fedora-clang | 1.0-0.4 | 50.35 | OK | |||
r-devel-linux-x86_64-fedora-gcc | 1.0-0.4 | 48.87 | OK | |||
r-devel-windows-x86_64 | 1.0-0.4 | 4.00 | 52.00 | 56.00 | OK | |
r-patched-linux-x86_64 | 1.0-0.4 | 2.37 | 27.91 | 30.28 | OK | |
r-release-linux-x86_64 | 1.0-0.4 | 2.25 | 28.07 | 30.32 | OK | |
r-release-macos-arm64 | 1.0-0.4 | 19.00 | OK | |||
r-release-macos-x86_64 | 1.0-0.4 | 32.00 | OK | |||
r-release-windows-x86_64 | 1.0-0.4 | 4.00 | 54.00 | 58.00 | OK | |
r-oldrel-macos-arm64 | 1.0-0.4 | 23.00 | OK | |||
r-oldrel-macos-x86_64 | 1.0-0.4 | 39.00 | OK | |||
r-oldrel-windows-x86_64 | 1.0-0.4 | 5.00 | 55.00 | 60.00 | OK |
Version: 1.0-0.4
Check: CRAN incoming feasibility
Result: NOTE
Maintainer: ‘Michael P. Fay <mfay@niaid.nih.gov>’
No Authors@R field in DESCRIPTION.
Please add one, modifying
Authors@R: c(person(given = "Michael",
family = "Fay",
role = "aut"),
person(given = c("Michael", "P."),
family = "Fay",
role = "cre",
email = "mfay@niaid.nih.gov"))
as necessary.
Flavors: r-devel-linux-x86_64-debian-clang, r-devel-linux-x86_64-debian-gcc