Last updated on 2025-04-30 04:50:14 CEST.
Flavor | Version | Tinstall | Tcheck | Ttotal | Status | Flags |
---|---|---|---|---|---|---|
r-devel-linux-x86_64-debian-clang | 1.3.2 | 10.10 | 73.44 | 83.54 | NOTE | |
r-devel-linux-x86_64-debian-gcc | 1.3.2 | 6.66 | 50.18 | 56.84 | NOTE | |
r-devel-linux-x86_64-fedora-clang | 1.3.2 | 116.84 | OK | |||
r-devel-linux-x86_64-fedora-gcc | 1.3.2 | 111.58 | OK | |||
r-devel-windows-x86_64 | 1.3.2 | 10.00 | 84.00 | 94.00 | OK | |
r-patched-linux-x86_64 | 1.3.2 | 9.37 | 67.54 | 76.91 | OK | |
r-release-linux-x86_64 | 1.3.2 | 8.54 | 67.66 | 76.20 | OK | |
r-release-macos-arm64 | 1.3.2 | 34.00 | OK | |||
r-release-macos-x86_64 | 1.3.2 | 68.00 | OK | |||
r-release-windows-x86_64 | 1.3.2 | 12.00 | 83.00 | 95.00 | OK | |
r-oldrel-macos-arm64 | 1.3.2 | 34.00 | OK | |||
r-oldrel-macos-x86_64 | 1.3.2 | 54.00 | OK | |||
r-oldrel-windows-x86_64 | 1.3.2 | 12.00 | 96.00 | 108.00 | OK |
Version: 1.3.2
Check: CRAN incoming feasibility
Result: NOTE
Maintainer: ‘Alfonso Benitez-Paez <alfbenpa@gmail.com>’
No Authors@R field in DESCRIPTION.
Please add one, modifying
Authors@R: person(given = "Alfonso",
family = "Benitez-Paez",
role = c("aut", "cre"),
email = "alfbenpa@gmail.com")
as necessary.
Flavors: r-devel-linux-x86_64-debian-clang, r-devel-linux-x86_64-debian-gcc