Last updated on 2025-04-30 04:50:14 CEST.
Flavor | Version | Tinstall | Tcheck | Ttotal | Status | Flags |
---|---|---|---|---|---|---|
r-devel-linux-x86_64-debian-clang | 1.1.3 | 23.28 | 99.81 | 123.09 | NOTE | |
r-devel-linux-x86_64-debian-gcc | 1.1.3 | 16.62 | 69.94 | 86.56 | OK | |
r-devel-linux-x86_64-fedora-clang | 1.1.3 | 200.19 | OK | |||
r-devel-linux-x86_64-fedora-gcc | 1.1.3 | 208.89 | OK | |||
r-devel-windows-x86_64 | 1.1.3 | 27.00 | 127.00 | 154.00 | OK | |
r-patched-linux-x86_64 | 1.1.3 | 21.63 | 93.86 | 115.49 | OK | |
r-release-linux-x86_64 | 1.1.3 | 23.68 | 94.82 | 118.50 | OK | |
r-release-macos-arm64 | 1.1.3 | 69.00 | OK | |||
r-release-macos-x86_64 | 1.1.3 | 127.00 | OK | |||
r-release-windows-x86_64 | 1.1.3 | 30.00 | 124.00 | 154.00 | OK | |
r-oldrel-macos-arm64 | 1.1.3 | 81.00 | OK | |||
r-oldrel-macos-x86_64 | 1.1.3 | 127.00 | OK | |||
r-oldrel-windows-x86_64 | 1.1.3 | 31.00 | 152.00 | 183.00 | OK |
Version: 1.1.3
Check: examples
Result: NOTE
Examples with CPU (user + system) or elapsed time > 5s
user system elapsed
clusterlm 5.297 0.051 6.309
Flavor: r-devel-linux-x86_64-debian-clang