CRAN Package Check Results for Package pgTools

Last updated on 2025-04-30 04:50:14 CEST.

Flavor Version Tinstall Tcheck Ttotal Status Flags
r-devel-linux-x86_64-debian-clang 1.0.2 2.86 28.65 31.51 NOTE
r-devel-linux-x86_64-debian-gcc 1.0.2 2.41 21.55 23.96 NOTE
r-devel-linux-x86_64-fedora-clang 1.0.2 49.94 OK
r-devel-linux-x86_64-fedora-gcc 1.0.2 49.75 OK
r-devel-windows-x86_64 1.0.2 5.00 78.00 83.00 OK
r-patched-linux-x86_64 1.0.2 3.96 27.35 31.31 OK
r-release-linux-x86_64 1.0.2 3.03 27.12 30.15 OK
r-release-macos-arm64 1.0.2 21.00 OK
r-release-macos-x86_64 1.0.2 33.00 OK
r-release-windows-x86_64 1.0.2 7.00 59.00 66.00 OK
r-oldrel-macos-arm64 1.0.2 18.00 OK
r-oldrel-macos-x86_64 1.0.2 28.00 OK
r-oldrel-windows-x86_64 1.0.2 6.00 61.00 67.00 OK

Check Details

Version: 1.0.2
Check: CRAN incoming feasibility
Result: NOTE Maintainer: ‘Timothy Conwell <timconwell@gmail.com>’ No Authors@R field in DESCRIPTION. Please add one, modifying Authors@R: person(given = "Timothy", family = "Conwell", role = c("aut", "cre"), email = "timconwell@gmail.com") as necessary. Flavors: r-devel-linux-x86_64-debian-clang, r-devel-linux-x86_64-debian-gcc