Last updated on 2025-04-30 04:50:14 CEST.
Flavor | Version | Tinstall | Tcheck | Ttotal | Status | Flags |
---|---|---|---|---|---|---|
r-devel-linux-x86_64-debian-clang | 1.1 | 9.49 | 24.37 | 33.86 | NOTE | |
r-devel-linux-x86_64-debian-gcc | 1.1 | 6.62 | 19.84 | 26.46 | NOTE | |
r-devel-linux-x86_64-fedora-clang | 1.1 | 59.26 | OK | |||
r-devel-linux-x86_64-fedora-gcc | 1.1 | 56.89 | OK | |||
r-devel-windows-x86_64 | 1.1 | 13.00 | 78.00 | 91.00 | OK | |
r-patched-linux-x86_64 | 1.1 | 9.28 | 23.79 | 33.07 | OK | |
r-release-linux-x86_64 | 1.1 | 9.35 | 23.67 | 33.02 | OK | |
r-release-macos-arm64 | 1.1 | 24.00 | OK | |||
r-release-macos-x86_64 | 1.1 | 37.00 | OK | |||
r-release-windows-x86_64 | 1.1 | 11.00 | 75.00 | 86.00 | OK | |
r-oldrel-macos-arm64 | 1.1 | 27.00 | OK | |||
r-oldrel-macos-x86_64 | 1.1 | 36.00 | OK | |||
r-oldrel-windows-x86_64 | 1.1 | 16.00 | 84.00 | 100.00 | OK |
Version: 1.1
Check: CRAN incoming feasibility
Result: NOTE
Maintainer: ‘Daniel F. Schmidt <daniel.schmidt@monash.edu>’
Found the following \keyword or \concept entries
which likely give several index terms:
File ‘pgdraw-package.Rd’:
\keyword{distribution,}
Flavors: r-devel-linux-x86_64-debian-clang, r-devel-linux-x86_64-debian-gcc