Last updated on 2025-11-02 03:51:48 CET.
| Flavor | Version | Tinstall | Tcheck | Ttotal | Status | Flags |
|---|---|---|---|---|---|---|
| r-devel-linux-x86_64-debian-clang | 2.12.1 | 54.69 | 410.27 | 464.96 | OK | |
| r-devel-linux-x86_64-debian-gcc | 2.12.1 | 37.46 | 260.87 | 298.33 | OK | |
| r-devel-linux-x86_64-fedora-clang | 2.12.1 | 121.00 | 605.12 | 726.12 | OK | |
| r-devel-linux-x86_64-fedora-gcc | 2.12.1 | 399.00 | 382.98 | 781.98 | OK | |
| r-devel-windows-x86_64 | 2.12.1 | 59.00 | 384.00 | 443.00 | OK | |
| r-patched-linux-x86_64 | 2.12.1 | 56.48 | 400.16 | 456.64 | OK | |
| r-release-linux-x86_64 | 2.12.1 | 51.80 | 373.07 | 424.87 | OK | |
| r-release-macos-arm64 | 2.12.1 | 26.00 | 177.00 | 203.00 | OK | |
| r-release-macos-x86_64 | 2.12.1 | 56.00 | 419.00 | 475.00 | OK | |
| r-release-windows-x86_64 | 2.12.1 | 60.00 | 374.00 | 434.00 | OK | |
| r-oldrel-macos-arm64 | 2.12.1 | 23.00 | 159.00 | 182.00 | NOTE | |
| r-oldrel-macos-x86_64 | 2.12.1 | 37.00 | 331.00 | 368.00 | NOTE | |
| r-oldrel-windows-x86_64 | 2.12.1 | 79.00 | 497.00 | 576.00 | NOTE |
Version: 2.12.1
Check: installed package size
Result: NOTE
installed size is 8.2Mb
sub-directories of 1Mb or more:
doc 1.4Mb
libs 4.2Mb
Flavors: r-oldrel-macos-arm64, r-oldrel-macos-x86_64, r-oldrel-windows-x86_64