Last updated on 2025-04-30 04:50:14 CEST.
Flavor | Version | Tinstall | Tcheck | Ttotal | Status | Flags |
---|---|---|---|---|---|---|
r-devel-linux-x86_64-debian-clang | 2.12.1 | 54.63 | 369.31 | 423.94 | NOTE | |
r-devel-linux-x86_64-debian-gcc | 2.12.1 | 38.15 | 252.42 | 290.57 | NOTE | |
r-devel-linux-x86_64-fedora-clang | 2.12.1 | 739.52 | OK | |||
r-devel-linux-x86_64-fedora-gcc | 2.12.1 | 702.99 | OK | |||
r-devel-windows-x86_64 | 2.12.1 | 60.00 | 367.00 | 427.00 | OK | |
r-patched-linux-x86_64 | 2.12.1 | 59.74 | 364.99 | 424.73 | OK | |
r-release-linux-x86_64 | 2.12.1 | 54.84 | 364.13 | 418.97 | OK | |
r-release-macos-arm64 | 2.12.1 | 203.00 | OK | |||
r-release-macos-x86_64 | 2.12.1 | 475.00 | OK | |||
r-release-windows-x86_64 | 2.12.1 | 65.00 | 380.00 | 445.00 | OK | |
r-oldrel-macos-arm64 | 2.12.1 | 182.00 | NOTE | |||
r-oldrel-macos-x86_64 | 2.12.1 | 368.00 | NOTE | |||
r-oldrel-windows-x86_64 | 2.12.1 | 74.00 | 476.00 | 550.00 | NOTE |
Version: 2.12.1
Check: examples
Result: NOTE
Examples with CPU (user + system) or elapsed time > 5s
user system elapsed
plot.ancestral 8.277 0.180 10.030
ancestral.pml 4.403 0.241 5.831
Flavor: r-devel-linux-x86_64-debian-clang
Version: 2.12.1
Check: examples
Result: NOTE
Examples with CPU (user + system) or elapsed time > 5s
user system elapsed
plot.ancestral 5.459 0.103 7.361
Flavor: r-devel-linux-x86_64-debian-gcc
Version: 2.12.1
Check: installed package size
Result: NOTE
installed size is 8.2Mb
sub-directories of 1Mb or more:
doc 1.4Mb
libs 4.2Mb
Flavors: r-oldrel-macos-arm64, r-oldrel-macos-x86_64, r-oldrel-windows-x86_64