Last updated on 2025-04-30 04:50:14 CEST.
Flavor | Version | Tinstall | Tcheck | Ttotal | Status | Flags |
---|---|---|---|---|---|---|
r-devel-linux-x86_64-debian-clang | 1.0.0.0 | 28.74 | 116.82 | 145.56 | NOTE | |
r-devel-linux-x86_64-debian-gcc | 1.0.0.0 | 20.78 | 77.99 | 98.77 | OK | |
r-devel-linux-x86_64-fedora-clang | 1.0.0.0 | 233.54 | OK | |||
r-devel-linux-x86_64-fedora-gcc | 1.0.0.0 | 240.63 | OK | |||
r-devel-windows-x86_64 | 1.0.0.0 | 31.00 | 116.00 | 147.00 | OK | |
r-patched-linux-x86_64 | 1.0.0.0 | 26.14 | 109.45 | 135.59 | OK | |
r-release-linux-x86_64 | 1.0.0.0 | 27.82 | 107.87 | 135.69 | OK | |
r-release-macos-arm64 | 1.0.0.0 | 83.00 | OK | |||
r-release-macos-x86_64 | 1.0.0.0 | 149.00 | OK | |||
r-release-windows-x86_64 | 1.0.0.0 | 29.00 | 120.00 | 149.00 | OK | |
r-oldrel-macos-arm64 | 1.0.0.0 | 83.00 | OK | |||
r-oldrel-macos-x86_64 | 1.0.0.0 | 177.00 | OK | |||
r-oldrel-windows-x86_64 | 1.0.0.0 | 35.00 | 154.00 | 189.00 | OK |
Version: 1.0.0.0
Check: examples
Result: NOTE
Examples with CPU (user + system) or elapsed time > 5s
user system elapsed
ghost_par_ests 5.806 0.056 7.838
SA_step3 5.604 0.080 7.535
Flavor: r-devel-linux-x86_64-debian-clang