Last updated on 2025-04-30 04:50:14 CEST.
Flavor | Version | Tinstall | Tcheck | Ttotal | Status | Flags |
---|---|---|---|---|---|---|
r-devel-linux-x86_64-debian-clang | 1.0.9 | 10.36 | 62.15 | 72.51 | NOTE | |
r-devel-linux-x86_64-debian-gcc | 1.0.9 | 6.36 | 42.63 | 48.99 | NOTE | |
r-devel-linux-x86_64-fedora-clang | 1.0.9 | 110.19 | OK | |||
r-devel-linux-x86_64-fedora-gcc | 1.0.9 | 97.22 | OK | |||
r-devel-windows-x86_64 | 1.0.9 | 11.00 | 77.00 | 88.00 | OK | |
r-patched-linux-x86_64 | 1.0.9 | 7.53 | 57.32 | 64.85 | OK | |
r-release-linux-x86_64 | 1.0.9 | 9.95 | 57.17 | 67.12 | OK | |
r-release-macos-arm64 | 1.0.9 | 31.00 | OK | |||
r-release-macos-x86_64 | 1.0.9 | 55.00 | OK | |||
r-release-windows-x86_64 | 1.0.9 | 12.00 | 75.00 | 87.00 | OK | |
r-oldrel-macos-arm64 | 1.0.9 | 28.00 | OK | |||
r-oldrel-macos-x86_64 | 1.0.9 | 46.00 | OK | |||
r-oldrel-windows-x86_64 | 1.0.9 | 14.00 | 87.00 | 101.00 | OK |
Version: 1.0.9
Check: CRAN incoming feasibility
Result: NOTE
Maintainer: ‘Jun Yin <vivien.jyin@gmail.com>’
No Authors@R field in DESCRIPTION.
Please add one, modifying
Authors@R: c(person(given = "Jun",
family = "Yin",
role = c("aut", "cre"),
email = "vivien.jyin@gmail.com"),
person(given = "Yu",
family = "Du",
role = "aut"),
person(given = "Sumithra",
family = "Mandrekar",
role = "aut"))
as necessary.
Flavors: r-devel-linux-x86_64-debian-clang, r-devel-linux-x86_64-debian-gcc