CRAN Package Check Results for Package phenex

Last updated on 2025-04-30 04:50:14 CEST.

Flavor Version Tinstall Tcheck Ttotal Status Flags
r-devel-linux-x86_64-debian-clang 1.4-5 4.71 36.99 41.70 NOTE
r-devel-linux-x86_64-debian-gcc 1.4-5 4.76 27.79 32.55 NOTE
r-devel-linux-x86_64-fedora-clang 1.4-5 68.06 OK
r-devel-linux-x86_64-fedora-gcc 1.4-5 64.35 OK
r-devel-windows-x86_64 1.4-5 11.00 67.00 78.00 OK
r-patched-linux-x86_64 1.4-5 4.87 35.72 40.59 OK
r-release-linux-x86_64 1.4-5 5.69 35.39 41.08 OK
r-release-macos-arm64 1.4-5 27.00 OK
r-release-macos-x86_64 1.4-5 42.00 OK
r-release-windows-x86_64 1.4-5 12.00 62.00 74.00 OK
r-oldrel-macos-arm64 1.4-5 24.00 OK
r-oldrel-macos-x86_64 1.4-5 34.00 OK
r-oldrel-windows-x86_64 1.4-5 12.00 66.00 78.00 OK

Check Details

Version: 1.4-5
Check: CRAN incoming feasibility
Result: NOTE Maintainer: ‘Daniel Doktor <daniel.doktor@ufz.de>’ No Authors@R field in DESCRIPTION. Please add one, modifying Authors@R: c(person(given = "Maximilian", family = "Lange", role = "aut"), person(given = "Daniel", family = "Doktor", role = c("aut", "cre"), email = "daniel.doktor@ufz.de")) as necessary. Flavors: r-devel-linux-x86_64-debian-clang, r-devel-linux-x86_64-debian-gcc