CRAN Package Check Results for Package pheno

Last updated on 2025-04-30 04:50:14 CEST.

Flavor Version Tinstall Tcheck Ttotal Status Flags
r-devel-linux-x86_64-debian-clang 1.7-0 8.11 64.01 72.12 NOTE
r-devel-linux-x86_64-debian-gcc 1.7-0 6.68 48.32 55.00 NOTE
r-devel-linux-x86_64-fedora-clang 1.7-0 112.88 NOTE
r-devel-linux-x86_64-fedora-gcc 1.7-0 110.00 NOTE
r-devel-windows-x86_64 1.7-0 12.00 88.00 100.00 NOTE
r-patched-linux-x86_64 1.7-0 9.03 62.05 71.08 NOTE
r-release-linux-x86_64 1.7-0 7.10 61.98 69.08 NOTE
r-release-macos-arm64 1.7-0 37.00 NOTE
r-release-macos-x86_64 1.7-0 70.00 NOTE
r-release-windows-x86_64 1.7-0 13.00 86.00 99.00 NOTE
r-oldrel-macos-arm64 1.7-0 35.00 NOTE
r-oldrel-macos-x86_64 1.7-0 54.00 NOTE
r-oldrel-windows-x86_64 1.7-0 14.00 94.00 108.00 NOTE

Check Details

Version: 1.7-0
Check: CRAN incoming feasibility
Result: NOTE Maintainer: ‘Maximilian Lange <maximilian.lange@ufz.de>’ No Authors@R field in DESCRIPTION. Please add one, modifying Authors@R: c(person(given = "Joerg", family = "Schaber", role = "aut"), person(given = "Maximilian", family = "Lange", role = "cre", email = "maximilian.lange@ufz.de")) as necessary. Flavors: r-devel-linux-x86_64-debian-clang, r-devel-linux-x86_64-debian-gcc

Version: 1.7-0
Check: Rd files
Result: NOTE checkRd: (-1) connectedSets.Rd:27: Escaped LaTeX specials: \_ \_ checkRd: (-1) connectedSets.Rd:29: Escaped LaTeX specials: \_ \_ checkRd: (-1) connectedSets.Rd:31: Escaped LaTeX specials: \_ \_ checkRd: (-1) maxConnectedSet.Rd:35: Escaped LaTeX specials: \_ \_ \_ \_ \_ \_ \_ \_ checkRd: (-1) maxConnectedSet.Rd:37: Escaped LaTeX specials: \_ \_ \_ \_ \_ \_ \_ \_ \_ \_ checkRd: (-1) maxConnectedSet.Rd:39: Escaped LaTeX specials: \_ \_ \_ \_ \_ \_ \_ \_ \_ \_ checkRd: (-1) maxConnectedSet.Rd:41: Escaped LaTeX specials: \_ \_ \_ \_ \_ \_ \_ \_ \_ \_ checkRd: (-1) maxConnectedSet.Rd:45: Escaped LaTeX specials: \_ \_ \_ \_ \_ \_ \_ \_ \_ \_ checkRd: (-1) maxConnectedSet.Rd:47: Escaped LaTeX specials: \_ \_ Flavors: r-devel-linux-x86_64-debian-clang, r-devel-linux-x86_64-debian-gcc, r-devel-linux-x86_64-fedora-clang, r-devel-linux-x86_64-fedora-gcc, r-devel-windows-x86_64, r-patched-linux-x86_64, r-release-linux-x86_64, r-release-macos-arm64, r-release-macos-x86_64, r-release-windows-x86_64, r-oldrel-macos-arm64, r-oldrel-macos-x86_64, r-oldrel-windows-x86_64