Last updated on 2025-04-30 04:50:14 CEST.
Flavor | Version | Tinstall | Tcheck | Ttotal | Status | Flags |
---|---|---|---|---|---|---|
r-devel-linux-x86_64-debian-clang | 1.1.5 | 4.19 | 115.52 | 119.71 | NOTE | |
r-devel-linux-x86_64-debian-gcc | 1.1.5 | 3.29 | 79.93 | 83.22 | NOTE | |
r-devel-linux-x86_64-fedora-clang | 1.1.5 | 184.47 | OK | |||
r-devel-linux-x86_64-fedora-gcc | 1.1.5 | 194.48 | OK | |||
r-devel-windows-x86_64 | 1.1.5 | 7.00 | 146.00 | 153.00 | OK | |
r-patched-linux-x86_64 | 1.1.5 | 4.27 | 107.52 | 111.79 | OK | |
r-release-linux-x86_64 | 1.1.5 | 4.35 | 109.56 | 113.91 | OK | |
r-release-macos-arm64 | 1.1.5 | 93.00 | OK | |||
r-release-macos-x86_64 | 1.1.5 | 188.00 | OK | |||
r-release-windows-x86_64 | 1.1.5 | 7.00 | 141.00 | 148.00 | OK | |
r-oldrel-macos-arm64 | 1.1.5 | 95.00 | OK | |||
r-oldrel-macos-x86_64 | 1.1.5 | 128.00 | OK | |||
r-oldrel-windows-x86_64 | 1.1.5 | 8.00 | 173.00 | 181.00 | OK |
Version: 1.1.5
Check: CRAN incoming feasibility
Result: NOTE
Maintainer: ‘Koen Hufkens <koen.hufkens@gmail.com>’
Package CITATION file contains call(s) to old-style personList() or
as.personList(). Please use c() on person objects instead.
Package CITATION file contains call(s) to old-style citEntry(). Please
use bibentry() instead.
Flavors: r-devel-linux-x86_64-debian-clang, r-devel-linux-x86_64-debian-gcc