Last updated on 2025-04-30 04:50:14 CEST.
Flavor | Version | Tinstall | Tcheck | Ttotal | Status | Flags |
---|---|---|---|---|---|---|
r-devel-linux-x86_64-debian-clang | 0.5 | 11.33 | 131.23 | 142.56 | NOTE | |
r-devel-linux-x86_64-debian-gcc | 0.5 | 8.74 | 93.49 | 102.23 | OK | |
r-devel-linux-x86_64-fedora-clang | 0.5 | 229.61 | OK | |||
r-devel-linux-x86_64-fedora-gcc | 0.5 | 217.53 | OK | |||
r-devel-windows-x86_64 | 0.5 | 14.00 | 124.00 | 138.00 | OK | |
r-patched-linux-x86_64 | 0.5 | 12.53 | 122.38 | 134.91 | OK | |
r-release-linux-x86_64 | 0.5 | 12.50 | 123.12 | 135.62 | OK | |
r-release-macos-arm64 | 0.5 | 76.00 | OK | |||
r-release-macos-x86_64 | 0.5 | 122.00 | OK | |||
r-release-windows-x86_64 | 0.5 | 14.00 | 124.00 | 138.00 | OK | |
r-oldrel-macos-arm64 | 0.5 | 64.00 | OK | |||
r-oldrel-macos-x86_64 | 0.5 | 144.00 | OK | |||
r-oldrel-windows-x86_64 | 0.5 | 17.00 | 159.00 | 176.00 | OK |
Version: 0.5
Check: examples
Result: NOTE
Examples with CPU (user + system) or elapsed time > 5s
user system elapsed
pathwayRes 7.114 0.221 8.462
Flavor: r-devel-linux-x86_64-debian-clang