CRAN Package Check Results for Package phonfieldwork

Last updated on 2025-04-30 04:50:14 CEST.

Flavor Version Tinstall Tcheck Ttotal Status Flags
r-devel-linux-x86_64-debian-clang 0.0.17 7.28 68.71 75.99 NOTE
r-devel-linux-x86_64-debian-gcc 0.0.17 5.37 48.82 54.19 NOTE
r-devel-linux-x86_64-fedora-clang 0.0.17 126.12 NOTE
r-devel-linux-x86_64-fedora-gcc 0.0.17 131.42 NOTE
r-devel-windows-x86_64 0.0.17 10.00 99.00 109.00 NOTE
r-patched-linux-x86_64 0.0.17 8.69 64.24 72.93 NOTE
r-release-linux-x86_64 0.0.17 8.64 65.04 73.68 NOTE
r-release-macos-arm64 0.0.17 50.00 NOTE
r-release-macos-x86_64 0.0.17 126.00 NOTE
r-release-windows-x86_64 0.0.17 12.00 89.00 101.00 NOTE
r-oldrel-macos-arm64 0.0.17 45.00 OK
r-oldrel-macos-x86_64 0.0.17 106.00 OK
r-oldrel-windows-x86_64 0.0.17 13.00 103.00 116.00 OK

Check Details

Version: 0.0.17
Check: DESCRIPTION meta-information
Result: NOTE Missing dependency on R >= 4.1.0 because package code uses the pipe |> or function shorthand \(...) syntax added in R 4.1.0. File(s) using such syntax: ‘df_to_tier.R’ Flavors: r-devel-linux-x86_64-debian-clang, r-devel-linux-x86_64-debian-gcc, r-devel-linux-x86_64-fedora-clang, r-devel-linux-x86_64-fedora-gcc, r-devel-windows-x86_64, r-patched-linux-x86_64, r-release-linux-x86_64, r-release-macos-arm64, r-release-macos-x86_64, r-release-windows-x86_64