Last updated on 2025-04-30 04:50:14 CEST.
Flavor | Version | Tinstall | Tcheck | Ttotal | Status | Flags |
---|---|---|---|---|---|---|
r-devel-linux-x86_64-debian-clang | 0.1 | 1.70 | 17.03 | 18.73 | OK | |
r-devel-linux-x86_64-debian-gcc | 0.1 | 1.59 | 14.44 | 16.03 | OK | |
r-devel-linux-x86_64-fedora-clang | 0.1 | 28.26 | NOTE | |||
r-devel-linux-x86_64-fedora-gcc | 0.1 | 26.79 | NOTE | |||
r-devel-windows-x86_64 | 0.1 | 4.00 | 43.00 | 47.00 | OK | |
r-patched-linux-x86_64 | 0.1 | 1.92 | 15.34 | 17.26 | OK | |
r-release-linux-x86_64 | 0.1 | 1.86 | 15.59 | 17.45 | OK | |
r-release-macos-arm64 | 0.1 | 28.00 | OK | |||
r-release-macos-x86_64 | 0.1 | 28.00 | OK | |||
r-release-windows-x86_64 | 0.1 | 4.00 | 39.00 | 43.00 | OK | |
r-oldrel-macos-arm64 | 0.1 | 14.00 | OK | |||
r-oldrel-macos-x86_64 | 0.1 | 18.00 | OK | |||
r-oldrel-windows-x86_64 | 0.1 | 4.00 | 38.00 | 42.00 | OK |
Version: 0.1
Check: dependencies in R code
Result: NOTE
Namespaces in Imports field not imported from:
‘tidyverse’ ‘usethis’
All declared Imports should be used.
Flavors: r-devel-linux-x86_64-fedora-clang, r-devel-linux-x86_64-fedora-gcc