Last updated on 2025-04-30 04:50:14 CEST.
Flavor | Version | Tinstall | Tcheck | Ttotal | Status | Flags |
---|---|---|---|---|---|---|
r-devel-linux-x86_64-debian-clang | 0.0.4 | 12.31 | 70.51 | 82.82 | NOTE | |
r-devel-linux-x86_64-debian-gcc | 0.0.4 | 6.46 | 50.04 | 56.50 | NOTE | |
r-devel-linux-x86_64-fedora-clang | 0.0.4 | 133.98 | OK | |||
r-devel-linux-x86_64-fedora-gcc | 0.0.4 | 122.74 | OK | |||
r-devel-windows-x86_64 | 0.0.4 | 12.00 | 82.00 | 94.00 | OK | |
r-patched-linux-x86_64 | 0.0.4 | 12.11 | 66.43 | 78.54 | OK | |
r-release-linux-x86_64 | 0.0.4 | 10.96 | 66.92 | 77.88 | OK | |
r-release-macos-arm64 | 0.0.4 | 62.00 | OK | |||
r-release-macos-x86_64 | 0.0.4 | 98.00 | OK | |||
r-release-windows-x86_64 | 0.0.4 | 11.00 | 79.00 | 90.00 | OK | |
r-oldrel-macos-arm64 | 0.0.4 | 34.00 | OK | |||
r-oldrel-macos-x86_64 | 0.0.4 | 52.00 | OK | |||
r-oldrel-windows-x86_64 | 0.0.4 | 16.00 | 93.00 | 109.00 | OK |
Version: 0.0.4
Check: CRAN incoming feasibility
Result: NOTE
Maintainer: ‘John R. Stevens <john.r.stevens@usu.edu>’
No Authors@R field in DESCRIPTION.
Please add one, modifying
Authors@R: c(person(given = c("J.", "Conrad"),
family = "Stack",
role = "aut"),
person(given = c("John", "R."),
family = "Stevens",
role = "cre",
email = "john.r.stevens@usu.edu"))
as necessary.
Flavors: r-devel-linux-x86_64-debian-clang, r-devel-linux-x86_64-debian-gcc