CRAN Package Check Results for Package phylepic

Last updated on 2025-04-30 04:50:14 CEST.

Flavor Version Tinstall Tcheck Ttotal Status Flags
r-devel-linux-x86_64-debian-clang 0.2.0 8.22 96.21 104.43 NOTE
r-devel-linux-x86_64-debian-gcc 0.2.0 5.59 67.89 73.48 NOTE
r-devel-linux-x86_64-fedora-clang 0.2.0 150.60 NOTE
r-devel-linux-x86_64-fedora-gcc 0.2.0 154.39 NOTE
r-devel-windows-x86_64 0.2.0 11.00 97.00 108.00 NOTE
r-patched-linux-x86_64 0.2.0 8.21 88.73 96.94 NOTE
r-release-linux-x86_64 0.2.0 7.48 89.04 96.52 NOTE
r-release-macos-arm64 0.2.0 90.00 NOTE
r-release-macos-x86_64 0.2.0 172.00 NOTE
r-release-windows-x86_64 0.2.0 11.00 99.00 110.00 NOTE
r-oldrel-macos-arm64 0.2.0 47.00 OK
r-oldrel-macos-x86_64 0.2.0 145.00 OK
r-oldrel-windows-x86_64 0.2.0 12.00 118.00 130.00 OK

Check Details

Version: 0.2.0
Check: DESCRIPTION meta-information
Result: NOTE Missing dependency on R >= 4.1.0 because package code uses the pipe |> or function shorthand \(...) syntax added in R 4.1.0. File(s) using such syntax: ‘phylepic.R’ ‘plot.phylepic.R’ ‘plot_tree.R’ Flavors: r-devel-linux-x86_64-debian-clang, r-devel-linux-x86_64-debian-gcc, r-devel-linux-x86_64-fedora-clang, r-devel-linux-x86_64-fedora-gcc, r-devel-windows-x86_64, r-patched-linux-x86_64, r-release-linux-x86_64, r-release-macos-arm64, r-release-macos-x86_64, r-release-windows-x86_64