CRAN Package Check Results for Package phylin

Last updated on 2025-04-30 04:50:14 CEST.

Flavor Version Tinstall Tcheck Ttotal Status Flags
r-devel-linux-x86_64-debian-clang 2.0.2 2.92 511.38 514.30 NOTE
r-devel-linux-x86_64-debian-gcc 2.0.2 2.02 278.51 280.53 NOTE
r-devel-linux-x86_64-fedora-clang 2.0.2 878.29 OK
r-devel-linux-x86_64-fedora-gcc 2.0.2 878.58 OK
r-devel-windows-x86_64 2.0.2 4.00 74.00 78.00 OK --no-vignettes
r-patched-linux-x86_64 2.0.2 3.28 478.81 482.09 OK
r-release-linux-x86_64 2.0.2 2.67 479.34 482.01 OK
r-release-macos-arm64 2.0.2 200.00 OK
r-release-macos-x86_64 2.0.2 506.00 OK
r-release-windows-x86_64 2.0.2 4.00 71.00 75.00 OK --no-vignettes
r-oldrel-macos-arm64 2.0.2 195.00 OK
r-oldrel-macos-x86_64 2.0.2 384.00 OK
r-oldrel-windows-x86_64 2.0.2 4.00 88.00 92.00 OK --no-vignettes

Check Details

Version: 2.0.2
Check: CRAN incoming feasibility
Result: NOTE Maintainer: ‘Pedro Tarroso <ptarroso@cibio.up.pt>’ No Authors@R field in DESCRIPTION. Please add one, modifying Authors@R: c(person(given = "Pedro", family = "Tarroso", role = c("aut", "cre"), email = "ptarroso@cibio.up.pt"), person(given = "Guillermo", family = "Velo-Anton", role = "aut"), person(given = "Silvia", family = "Carvalho", role = "aut")) as necessary. Package CITATION file contains call(s) to old-style personList() or as.personList(). Please use c() on person objects instead. Package CITATION file contains call(s) to old-style citEntry(). Please use bibentry() instead. Flavors: r-devel-linux-x86_64-debian-clang, r-devel-linux-x86_64-debian-gcc

Version: 2.0.2
Check: examples
Result: NOTE Examples with CPU (user + system) or elapsed time > 5s user system elapsed intgen.idw 5.063 0.024 5.867 idw 4.838 0.090 5.753 multispecies 4.906 0.008 5.515 Flavor: r-devel-linux-x86_64-debian-clang