Last updated on 2025-04-30 04:50:14 CEST.
Flavor | Version | Tinstall | Tcheck | Ttotal | Status | Flags |
---|---|---|---|---|---|---|
r-devel-linux-x86_64-debian-clang | 0.8.12 | 26.27 | 134.51 | 160.78 | NOTE | |
r-devel-linux-x86_64-debian-gcc | 0.8.12 | 22.84 | 88.59 | 111.43 | NOTE | |
r-devel-linux-x86_64-fedora-clang | 0.8.12 | 251.03 | OK | |||
r-devel-linux-x86_64-fedora-gcc | 0.8.12 | 259.28 | OK | |||
r-devel-windows-x86_64 | 0.8.12 | 39.00 | 165.00 | 204.00 | OK | |
r-patched-linux-x86_64 | 0.8.12 | 32.44 | 120.62 | 153.06 | OK | |
r-release-linux-x86_64 | 0.8.12 | 28.11 | 120.67 | 148.78 | OK | |
r-release-macos-arm64 | 0.8.12 | 74.00 | OK | |||
r-release-macos-x86_64 | 0.8.12 | 147.00 | OK | |||
r-release-windows-x86_64 | 0.8.12 | 39.00 | 159.00 | 198.00 | OK | |
r-oldrel-macos-arm64 | 0.8.12 | 76.00 | OK | |||
r-oldrel-macos-x86_64 | 0.8.12 | 111.00 | OK | |||
r-oldrel-windows-x86_64 | 0.8.12 | 41.00 | 193.00 | 234.00 | OK |
Version: 0.8.12
Check: CRAN incoming feasibility
Result: NOTE
Maintainer: ‘Francois Michonneau <francois.michonneau@gmail.com>’
No Authors@R field in DESCRIPTION.
Please add one, modifying
Authors@R: c(person(given = c("R", "Hackathon", "et"),
family = "al.",
role = "aut",
comment = "alphabetically: Ben Bolker, Marguerite Butler,\n Peter Cowan, Damien de Vienne, Dirk Eddelbuettel, Mark Holder, Thibaut\n Jombart, Steve Kembel, Francois Michonneau, David Orme, Brian O'Meara,\n Emmanuel Paradis, Jim Regetz, Derrick Zwickl"),
person(given = "Francois",
family = "Michonneau",
role = "cre",
email = "francois.michonneau@gmail.com"))
as necessary.
Flavors: r-devel-linux-x86_64-debian-clang, r-devel-linux-x86_64-debian-gcc