CRAN Package Check Results for Package phylocanvas

Last updated on 2025-02-21 03:52:22 CET.

Flavor Version Tinstall Tcheck Ttotal Status Flags
r-devel-linux-x86_64-debian-clang 0.1.3 8.41 75.59 84.00 OK
r-devel-linux-x86_64-debian-gcc 0.1.3 5.62 52.50 58.12 OK
r-devel-linux-x86_64-fedora-clang 0.1.3 134.96 OK
r-devel-linux-x86_64-fedora-gcc 0.1.3 141.95 OK
r-devel-macos-arm64 0.1.3 51.00 OK
r-devel-macos-x86_64 0.1.3 154.00 OK
r-devel-windows-x86_64 0.1.3 9.00 81.00 90.00 OK
r-patched-linux-x86_64 0.1.3 6.92 67.86 74.78 NOTE
r-release-linux-x86_64 0.1.3 7.14 68.17 75.31 NOTE
r-release-macos-arm64 0.1.3 44.00 NOTE
r-release-macos-x86_64 0.1.3 63.00 NOTE
r-release-windows-x86_64 0.1.3 9.00 86.00 95.00 NOTE
r-oldrel-macos-arm64 0.1.3 47.00 NOTE
r-oldrel-macos-x86_64 0.1.3 82.00 NOTE
r-oldrel-windows-x86_64 0.1.3 12.00 98.00 110.00 NOTE

Check Details

Version: 0.1.3
Check: LazyData
Result: NOTE 'LazyData' is specified without a 'data' directory Flavors: r-patched-linux-x86_64, r-release-linux-x86_64, r-release-macos-arm64, r-release-macos-x86_64, r-release-windows-x86_64, r-oldrel-macos-arm64, r-oldrel-macos-x86_64, r-oldrel-windows-x86_64