Last updated on 2025-04-30 04:50:14 CEST.
Flavor | Version | Tinstall | Tcheck | Ttotal | Status | Flags |
---|---|---|---|---|---|---|
r-devel-linux-x86_64-debian-clang | 0.1.1 | 345.00 | 158.52 | 503.52 | OK | |
r-devel-linux-x86_64-debian-gcc | 0.1.1 | 345.91 | 140.80 | 486.71 | OK | |
r-devel-linux-x86_64-fedora-clang | 0.1.1 | 767.78 | OK | |||
r-devel-linux-x86_64-fedora-gcc | 0.1.1 | 1174.67 | OK | |||
r-devel-windows-x86_64 | 0.1.1 | 384.00 | 212.00 | 596.00 | OK | |
r-patched-linux-x86_64 | 0.1.1 | 410.92 | 185.89 | 596.81 | OK | |
r-release-linux-x86_64 | 0.1.1 | 412.31 | 187.86 | 600.17 | OK | |
r-release-macos-arm64 | 0.1.1 | 152.00 | OK | |||
r-release-macos-x86_64 | 0.1.1 | 233.00 | OK | |||
r-release-windows-x86_64 | 0.1.1 | 380.00 | 203.00 | 583.00 | OK | |
r-oldrel-macos-arm64 | 0.1.1 | 189.00 | NOTE | |||
r-oldrel-macos-x86_64 | 0.1.1 | 263.00 | NOTE | |||
r-oldrel-windows-x86_64 | 0.1.1 | 426.00 | 247.00 | 673.00 | NOTE |
Version: 0.1.1
Check: installed package size
Result: NOTE
installed size is 84.9Mb
sub-directories of 1Mb or more:
libs 84.6Mb
Flavors: r-oldrel-macos-arm64, r-oldrel-macos-x86_64
Version: 0.1.1
Check: for GNU extensions in Makefiles
Result: NOTE
GNU make is a SystemRequirements.
Flavors: r-oldrel-macos-arm64, r-oldrel-macos-x86_64, r-oldrel-windows-x86_64