Last updated on 2025-02-22 05:51:46 CET.
Flavor | Version | Tinstall | Tcheck | Ttotal | Status | Flags |
---|---|---|---|---|---|---|
r-devel-linux-x86_64-debian-clang | 0.1.0 | 346.39 | 153.23 | 499.62 | OK | |
r-devel-linux-x86_64-debian-gcc | 0.1.0 | 337.16 | 136.12 | 473.28 | OK | |
r-devel-linux-x86_64-fedora-clang | 0.1.0 | 793.34 | OK | |||
r-devel-linux-x86_64-fedora-gcc | 0.1.0 | 1065.04 | OK | |||
r-devel-macos-arm64 | 0.1.0 | 215.00 | OK | |||
r-devel-macos-x86_64 | 0.1.0 | 359.00 | OK | |||
r-devel-windows-x86_64 | 0.1.0 | 337.00 | 197.00 | 534.00 | OK | |
r-patched-linux-x86_64 | 0.1.0 | 437.85 | 178.45 | 616.30 | NOTE | |
r-release-linux-x86_64 | 0.1.0 | 399.90 | 178.47 | 578.37 | NOTE | |
r-release-macos-arm64 | 0.1.0 | 117.00 | NOTE | |||
r-release-macos-x86_64 | 0.1.0 | 137.00 | NOTE | |||
r-release-windows-x86_64 | 0.1.0 | 337.00 | 188.00 | 525.00 | NOTE | |
r-oldrel-macos-arm64 | 0.1.0 | 214.00 | NOTE | |||
r-oldrel-macos-x86_64 | 0.1.0 | 296.00 | NOTE | |||
r-oldrel-windows-x86_64 | 0.1.0 | 453.00 | 238.00 | 691.00 | NOTE |
Version: 0.1.0
Check: for GNU extensions in Makefiles
Result: NOTE
GNU make is a SystemRequirements.
Flavors: r-patched-linux-x86_64, r-release-linux-x86_64, r-release-macos-arm64, r-release-macos-x86_64, r-release-windows-x86_64, r-oldrel-macos-arm64, r-oldrel-macos-x86_64, r-oldrel-windows-x86_64
Version: 0.1.0
Check: installed package size
Result: NOTE
installed size is 85.0Mb
sub-directories of 1Mb or more:
libs 84.6Mb
Flavors: r-release-macos-arm64, r-release-macos-x86_64, r-oldrel-macos-arm64, r-oldrel-macos-x86_64