Last updated on 2025-04-30 04:50:14 CEST.
Flavor | Version | Tinstall | Tcheck | Ttotal | Status | Flags |
---|---|---|---|---|---|---|
r-devel-linux-x86_64-debian-clang | 1.3 | 2.34 | 22.04 | 24.38 | NOTE | |
r-devel-linux-x86_64-debian-gcc | 1.3 | 1.79 | 18.06 | 19.85 | NOTE | |
r-devel-linux-x86_64-fedora-clang | 1.3 | 37.93 | OK | |||
r-devel-linux-x86_64-fedora-gcc | 1.3 | 36.73 | OK | |||
r-devel-windows-x86_64 | 1.3 | 3.00 | 55.00 | 58.00 | OK | |
r-patched-linux-x86_64 | 1.3 | 2.44 | 21.04 | 23.48 | OK | |
r-release-linux-x86_64 | 1.3 | 1.96 | 21.29 | 23.25 | OK | |
r-release-macos-arm64 | 1.3 | 31.00 | OK | |||
r-release-macos-x86_64 | 1.3 | 31.00 | OK | |||
r-release-windows-x86_64 | 1.3 | 4.00 | 51.00 | 55.00 | OK | |
r-oldrel-macos-arm64 | 1.3 | 15.00 | OK | |||
r-oldrel-macos-x86_64 | 1.3 | 26.00 | OK | |||
r-oldrel-windows-x86_64 | 1.3 | 4.00 | 51.00 | 55.00 | OK |
Version: 1.3
Check: CRAN incoming feasibility
Result: NOTE
Maintainer: ‘Daniel Beer <dlbeer@gmail.com>’
No Authors@R field in DESCRIPTION.
Please add one, modifying
Authors@R: c(person(given = "Daniel",
family = "Beer",
role = c("aut", "cre"),
email = "dlbeer@gmail.com"),
person(given = "Anusha",
family = "Beer",
role = "aut"))
as necessary.
Flavors: r-devel-linux-x86_64-debian-clang, r-devel-linux-x86_64-debian-gcc