Last updated on 2025-04-30 04:50:14 CEST.
Flavor | Version | Tinstall | Tcheck | Ttotal | Status | Flags |
---|---|---|---|---|---|---|
r-devel-linux-x86_64-debian-clang | 0.1.1 | 29.62 | 150.45 | 180.07 | OK | |
r-devel-linux-x86_64-debian-gcc | 0.1.1 | 22.49 | 109.54 | 132.03 | OK | |
r-devel-linux-x86_64-fedora-clang | 0.1.1 | 316.55 | OK | |||
r-devel-linux-x86_64-fedora-gcc | 0.1.1 | 391.69 | OK | |||
r-devel-windows-x86_64 | 0.1.1 | 34.00 | 297.00 | 331.00 | OK | |
r-patched-linux-x86_64 | 0.1.1 | 28.87 | 143.82 | 172.69 | OK | |
r-release-linux-x86_64 | 0.1.1 | 31.49 | 144.42 | 175.91 | OK | |
r-release-macos-arm64 | 0.1.1 | 143.00 | OK | |||
r-release-macos-x86_64 | 0.1.1 | 226.00 | OK | |||
r-release-windows-x86_64 | 0.1.1 | 37.00 | 296.00 | 333.00 | OK | |
r-oldrel-macos-arm64 | 0.1.1 | 127.00 | NOTE | |||
r-oldrel-macos-x86_64 | 0.1.1 | 238.00 | NOTE | |||
r-oldrel-windows-x86_64 | 0.1.1 | 42.00 | 318.00 | 360.00 | NOTE |
Version: 0.1.1
Check: installed package size
Result: NOTE
installed size is 5.3Mb
sub-directories of 1Mb or more:
data 1.6Mb
doc 2.1Mb
Flavors: r-oldrel-macos-arm64, r-oldrel-macos-x86_64, r-oldrel-windows-x86_64