Last updated on 2025-02-21 03:52:22 CET.
Flavor | Version | Tinstall | Tcheck | Ttotal | Status | Flags |
---|---|---|---|---|---|---|
r-devel-linux-x86_64-debian-clang | 1.1.0 | 115.65 | 150.93 | 266.58 | OK | |
r-devel-linux-x86_64-debian-gcc | 1.1.0 | 92.61 | 108.40 | 201.01 | OK | |
r-devel-linux-x86_64-fedora-clang | 1.1.0 | 744.88 | OK | |||
r-devel-linux-x86_64-fedora-gcc | 1.1.0 | 832.93 | OK | |||
r-devel-macos-arm64 | 1.1.0 | 118.00 | OK | |||
r-devel-macos-x86_64 | 1.1.0 | 185.00 | OK | |||
r-devel-windows-x86_64 | 1.1.0 | 159.00 | 512.00 | 671.00 | OK | |
r-patched-linux-x86_64 | 1.1.0 | 124.43 | 141.86 | 266.29 | NOTE | |
r-release-linux-x86_64 | 1.1.0 | 117.96 | 141.93 | 259.89 | NOTE | |
r-release-macos-arm64 | 1.1.0 | 109.00 | NOTE | |||
r-release-macos-x86_64 | 1.1.0 | 130.00 | NOTE | |||
r-release-windows-x86_64 | 1.1.0 | 162.00 | 525.00 | 687.00 | OK | |
r-oldrel-macos-arm64 | 1.1.0 | 120.00 | NOTE | |||
r-oldrel-macos-x86_64 | 1.1.0 | 207.00 | NOTE | |||
r-oldrel-windows-x86_64 | 1.1.0 | 148.00 | 184.00 | 332.00 | NOTE |
Version: 1.1.0
Check: package dependencies
Result: NOTE
Package suggested but not available for checking: ‘INLA’
Flavors: r-patched-linux-x86_64, r-release-linux-x86_64, r-release-macos-arm64, r-release-macos-x86_64, r-oldrel-macos-arm64, r-oldrel-windows-x86_64
Version: 1.1.0
Check: installed package size
Result: NOTE
installed size is 12.1Mb
sub-directories of 1Mb or more:
doc 2.0Mb
libs 9.6Mb
Flavors: r-release-macos-arm64, r-release-macos-x86_64, r-oldrel-macos-arm64, r-oldrel-macos-x86_64
Version: 1.1.0
Check: package dependencies
Result: NOTE
Packages suggested but not available for checking: 'INLA', 'DHARMa', 'rr2'
Flavor: r-oldrel-macos-x86_64