Last updated on 2025-05-01 04:50:50 CEST.
Flavor | Version | Tinstall | Tcheck | Ttotal | Status | Flags |
---|---|---|---|---|---|---|
r-devel-linux-x86_64-debian-clang | 1.0.2 | 3.14 | 38.56 | 41.70 | NOTE | |
r-devel-linux-x86_64-debian-gcc | 1.0.2 | 2.17 | 26.93 | 29.10 | NOTE | |
r-devel-linux-x86_64-fedora-clang | 1.0.2 | 65.40 | OK | |||
r-devel-linux-x86_64-fedora-gcc | 1.0.2 | 61.44 | OK | |||
r-devel-windows-x86_64 | 1.0.2 | 4.00 | 60.00 | 64.00 | OK | |
r-patched-linux-x86_64 | 1.0.2 | 3.17 | 36.58 | 39.75 | OK | |
r-release-linux-x86_64 | 1.0.2 | 2.47 | 37.06 | 39.53 | OK | |
r-release-macos-arm64 | 1.0.2 | 23.00 | OK | |||
r-release-macos-x86_64 | 1.0.2 | 51.00 | OK | |||
r-release-windows-x86_64 | 1.0.2 | 4.00 | 63.00 | 67.00 | OK | |
r-oldrel-macos-arm64 | 1.0.2 | 21.00 | OK | |||
r-oldrel-macos-x86_64 | 1.0.2 | 32.00 | OK | |||
r-oldrel-windows-x86_64 | 1.0.2 | 3.00 | 55.00 | 58.00 | OK |
Version: 1.0.2
Check: CRAN incoming feasibility
Result: NOTE
Maintainer: ‘Alan Grafen <alan.grafen@sjc.ox.ac.uk>’
No Authors@R field in DESCRIPTION.
Please add one, modifying
Authors@R: person(given = "Alan",
family = "Grafen",
role = c("aut", "cre"),
email = "alan.grafen@sjc.ox.ac.uk")
as necessary.
Flavors: r-devel-linux-x86_64-debian-clang, r-devel-linux-x86_64-debian-gcc
Version: 1.0.2
Check: examples
Result: NOTE
Examples with CPU (user + system) or elapsed time > 5s
user system elapsed
phyreg 11.812 0.017 14.152
Flavor: r-devel-linux-x86_64-debian-clang
Version: 1.0.2
Check: examples
Result: NA
user system elapsed
phyreg 6.473 0.018 7.913
OK
Flavor: r-devel-linux-x86_64-debian-gcc