Last updated on 2025-02-21 03:52:22 CET.
Flavor | Version | Tinstall | Tcheck | Ttotal | Status | Flags |
---|---|---|---|---|---|---|
r-devel-linux-x86_64-debian-clang | 0.8.1 | 2.77 | 45.56 | 48.33 | NOTE | |
r-devel-linux-x86_64-debian-gcc | 0.8.1 | 2.39 | 33.69 | 36.08 | NOTE | |
r-devel-linux-x86_64-fedora-clang | 0.8.1 | 78.52 | NOTE | |||
r-devel-linux-x86_64-fedora-gcc | 0.8.1 | 89.19 | NOTE | |||
r-devel-macos-arm64 | 0.8.1 | 35.00 | OK | |||
r-devel-macos-x86_64 | 0.8.1 | 69.00 | NOTE | |||
r-devel-windows-x86_64 | 0.8.1 | 5.00 | 70.00 | 75.00 | NOTE | |
r-patched-linux-x86_64 | 0.8.1 | 4.15 | 41.57 | 45.72 | OK | |
r-release-linux-x86_64 | 0.8.1 | 3.52 | 42.83 | 46.35 | OK | |
r-release-macos-arm64 | 0.8.1 | 38.00 | OK | |||
r-release-macos-x86_64 | 0.8.1 | 82.00 | OK | |||
r-release-windows-x86_64 | 0.8.1 | 5.00 | 71.00 | 76.00 | OK | |
r-oldrel-macos-arm64 | 0.8.1 | 35.00 | OK | |||
r-oldrel-macos-x86_64 | 0.8.1 | 85.00 | OK | |||
r-oldrel-windows-x86_64 | 0.8.1 | 5.00 | 75.00 | 80.00 | OK |
Version: 0.8.1
Check: DESCRIPTION meta-information
Result: NOTE
Missing dependency on R >= 4.1.0 because package code uses the pipe
|> or function shorthand \(...) syntax added in R 4.1.0.
File(s) using such syntax:
‘aggregate.piar_index.R’ ‘aggregation_structure-class.R’
‘aggregation_structure.R’ ‘as_index.R’
‘coerce-aggregation_structure.R’ ‘contrib.R’
‘expand_classification.R’ ‘index-class.R’ ‘mean.piar_index.R’
‘split.piar_index.R’ ‘weights.piar_aggregation_structure.R’
Flavors: r-devel-linux-x86_64-debian-clang, r-devel-linux-x86_64-debian-gcc, r-devel-linux-x86_64-fedora-clang, r-devel-linux-x86_64-fedora-gcc, r-devel-macos-x86_64, r-devel-windows-x86_64