Last updated on 2025-02-21 03:52:22 CET.
Flavor | Version | Tinstall | Tcheck | Ttotal | Status | Flags |
---|---|---|---|---|---|---|
r-devel-linux-x86_64-debian-clang | 1.1.0 | 6.69 | 48.64 | 55.33 | NOTE | |
r-devel-linux-x86_64-debian-gcc | 1.1.0 | 4.76 | 34.90 | 39.66 | NOTE | |
r-devel-linux-x86_64-fedora-clang | 1.1.0 | 87.43 | NOTE | |||
r-devel-linux-x86_64-fedora-gcc | 1.1.0 | 80.73 | NOTE | |||
r-devel-macos-arm64 | 1.1.0 | 29.00 | OK | |||
r-devel-macos-x86_64 | 1.1.0 | 52.00 | NOTE | |||
r-devel-windows-x86_64 | 1.1.0 | 9.00 | 69.00 | 78.00 | NOTE | |
r-patched-linux-x86_64 | 1.1.0 | 6.01 | 44.96 | 50.97 | OK | |
r-release-linux-x86_64 | 1.1.0 | 6.52 | 44.62 | 51.14 | OK | |
r-release-macos-arm64 | 1.1.0 | 28.00 | OK | |||
r-release-macos-x86_64 | 1.1.0 | 66.00 | OK | |||
r-release-windows-x86_64 | 1.1.0 | 9.00 | 65.00 | 74.00 | OK | |
r-oldrel-macos-arm64 | 1.1.0 | 41.00 | OK | |||
r-oldrel-macos-x86_64 | 1.1.0 | 51.00 | OK | |||
r-oldrel-windows-x86_64 | 1.1.0 | 10.00 | 92.00 | 102.00 | OK |
Version: 1.1.0
Check: DESCRIPTION meta-information
Result: NOTE
Missing dependency on R >= 4.1.0 because package code uses the pipe
|> or function shorthand \(...) syntax added in R 4.1.0.
File(s) using such syntax:
‘piecenorm.R’
Flavors: r-devel-linux-x86_64-debian-clang, r-devel-linux-x86_64-debian-gcc, r-devel-linux-x86_64-fedora-clang, r-devel-linux-x86_64-fedora-gcc, r-devel-macos-x86_64, r-devel-windows-x86_64