Last updated on 2025-04-30 04:50:14 CEST.
Flavor | Version | Tinstall | Tcheck | Ttotal | Status | Flags |
---|---|---|---|---|---|---|
r-devel-linux-x86_64-debian-clang | 1.14.1 | 21.65 | 155.60 | 177.25 | NOTE | |
r-devel-linux-x86_64-debian-gcc | 1.14.1 | 13.19 | 98.30 | 111.49 | OK | |
r-devel-linux-x86_64-fedora-clang | 1.14.1 | 275.98 | OK | |||
r-devel-linux-x86_64-fedora-gcc | 1.14.1 | 249.90 | OK | |||
r-devel-windows-x86_64 | 1.14.1 | 24.00 | 140.00 | 164.00 | OK | |
r-patched-linux-x86_64 | 1.14.1 | 20.23 | 142.75 | 162.98 | OK | |
r-release-linux-x86_64 | 1.14.1 | 21.37 | 141.24 | 162.61 | OK | |
r-release-macos-arm64 | 1.14.1 | 67.00 | OK | |||
r-release-macos-x86_64 | 1.14.1 | 145.00 | OK | |||
r-release-windows-x86_64 | 1.14.1 | 25.00 | 144.00 | 169.00 | OK | |
r-oldrel-macos-arm64 | 1.14.1 | 65.00 | OK | |||
r-oldrel-macos-x86_64 | 1.14.1 | 134.00 | OK | |||
r-oldrel-windows-x86_64 | 1.14.1 | 29.00 | 179.00 | 208.00 | OK |
Version: 1.14.1
Check: examples
Result: NOTE
Examples with CPU (user + system) or elapsed time > 5s
user system elapsed
geom_piece 5.733 0.125 6.599
Flavor: r-devel-linux-x86_64-debian-clang