CRAN Package Check Results for Package pipeR

Last updated on 2025-04-30 04:50:14 CEST.

Flavor Version Tinstall Tcheck Ttotal Status Flags
r-devel-linux-x86_64-debian-clang 0.6.1.3 1.84 21.11 22.95 NOTE
r-devel-linux-x86_64-debian-gcc 0.6.1.3 1.32 17.12 18.44 NOTE
r-devel-linux-x86_64-fedora-clang 0.6.1.3 34.61 OK
r-devel-linux-x86_64-fedora-gcc 0.6.1.3 32.59 OK
r-devel-windows-x86_64 0.6.1.3 3.00 46.00 49.00 OK
r-patched-linux-x86_64 0.6.1.3 1.92 19.11 21.03 OK
r-release-linux-x86_64 0.6.1.3 1.66 18.94 20.60 OK
r-release-macos-arm64 0.6.1.3 18.00 OK
r-release-macos-x86_64 0.6.1.3 26.00 OK
r-release-windows-x86_64 0.6.1.3 5.00 43.00 48.00 OK
r-oldrel-macos-arm64 0.6.1.3 23.00 OK
r-oldrel-macos-x86_64 0.6.1.3 27.00 OK
r-oldrel-windows-x86_64 0.6.1.3 3.00 42.00 45.00 OK

Check Details

Version: 0.6.1.3
Check: CRAN incoming feasibility
Result: NOTE Maintainer: ‘Kun Ren <ken@renkun.me>’ No Authors@R field in DESCRIPTION. Please add one, modifying Authors@R: person(given = "Kun", family = "Ren", role = c("aut", "cre"), email = "ken@renkun.me") as necessary. Flavors: r-devel-linux-x86_64-debian-clang, r-devel-linux-x86_64-debian-gcc