CRAN Package Check Results for Package pipefittr

Last updated on 2025-04-30 04:50:14 CEST.

Flavor Version Tinstall Tcheck Ttotal Status Flags
r-devel-linux-x86_64-debian-clang 0.1.2 3.47 33.77 37.24 NOTE
r-devel-linux-x86_64-debian-gcc 0.1.2 2.92 26.26 29.18 NOTE
r-devel-linux-x86_64-fedora-clang 0.1.2 61.71 OK
r-devel-linux-x86_64-fedora-gcc 0.1.2 56.62 OK
r-devel-windows-x86_64 0.1.2 5.00 58.00 63.00 OK
r-patched-linux-x86_64 0.1.2 3.52 32.01 35.53 OK
r-release-linux-x86_64 0.1.2 3.97 32.33 36.30 OK
r-release-macos-arm64 0.1.2 24.00 OK
r-release-macos-x86_64 0.1.2 39.00 OK
r-release-windows-x86_64 0.1.2 6.00 54.00 60.00 OK
r-oldrel-macos-arm64 0.1.2 20.00 NOTE
r-oldrel-macos-x86_64 0.1.2 31.00 NOTE
r-oldrel-windows-x86_64 0.1.2 7.00 59.00 66.00 NOTE

Check Details

Version: 0.1.2
Check: CRAN incoming feasibility
Result: NOTE Maintainer: ‘Sahil Seth <me@sahilseth.com>’ No Authors@R field in DESCRIPTION. Please add one, modifying Authors@R: c(person(given = c("Houston", "R"), family = "Users", role = "aut"), person(given = "Neeraj", family = "Tandon", role = "aut"), person(given = "Ed", family = "Goodwin", role = "aut"), person(given = c("Ju", "Yeong"), family = "Kim", role = "aut"), person(given = "Sahil", family = "Seth", role = c("aut", "cre"), email = "me@sahilseth.com")) as necessary. Flavors: r-devel-linux-x86_64-debian-clang, r-devel-linux-x86_64-debian-gcc

Version: 0.1.2
Check: LazyData
Result: NOTE 'LazyData' is specified without a 'data' directory Flavors: r-oldrel-macos-arm64, r-oldrel-macos-x86_64, r-oldrel-windows-x86_64