Last updated on 2025-04-30 04:50:14 CEST.
Flavor | Version | Tinstall | Tcheck | Ttotal | Status | Flags |
---|---|---|---|---|---|---|
r-devel-linux-x86_64-debian-clang | 0.2.2 | 61.65 | 63.48 | 125.13 | OK | |
r-devel-linux-x86_64-debian-gcc | 0.2.2 | 52.19 | 51.93 | 104.12 | OK | |
r-devel-linux-x86_64-fedora-clang | 0.2.2 | 201.13 | OK | |||
r-devel-linux-x86_64-fedora-gcc | 0.2.2 | 239.00 | OK | |||
r-devel-windows-x86_64 | 0.2.2 | 61.00 | 104.00 | 165.00 | OK | |
r-patched-linux-x86_64 | 0.2.2 | 69.70 | 65.28 | 134.98 | OK | |
r-release-linux-x86_64 | 0.2.2 | 71.98 | 64.88 | 136.86 | OK | |
r-release-macos-arm64 | 0.2.2 | 72.00 | OK | |||
r-release-macos-x86_64 | 0.2.2 | 136.00 | OK | |||
r-release-windows-x86_64 | 0.2.2 | 62.00 | 108.00 | 170.00 | OK | |
r-oldrel-macos-arm64 | 0.2.2 | 63.00 | NOTE | |||
r-oldrel-macos-x86_64 | 0.2.2 | 109.00 | NOTE | |||
r-oldrel-windows-x86_64 | 0.2.2 | 66.00 | 119.00 | 185.00 | OK |
Version: 0.2.2
Check: installed package size
Result: NOTE
installed size is 25.5Mb
sub-directories of 1Mb or more:
libs 25.3Mb
Flavors: r-oldrel-macos-arm64, r-oldrel-macos-x86_64