CRAN Package Check Results for Package pivotea

Last updated on 2025-04-30 04:50:14 CEST.

Flavor Version Tinstall Tcheck Ttotal Status Flags
r-devel-linux-x86_64-debian-clang 1.0.2 2.70 65.84 68.54 NOTE
r-devel-linux-x86_64-debian-gcc 1.0.2 1.74 46.56 48.30 NOTE
r-devel-linux-x86_64-fedora-clang 1.0.2 107.02 NOTE
r-devel-linux-x86_64-fedora-gcc 1.0.2 115.15 NOTE
r-devel-windows-x86_64 1.0.2 4.00 83.00 87.00 NOTE
r-patched-linux-x86_64 1.0.2 2.48 62.38 64.86 NOTE
r-release-linux-x86_64 1.0.2 2.52 61.41 63.93 NOTE
r-release-macos-arm64 1.0.2 46.00 NOTE
r-release-macos-x86_64 1.0.2 76.00 NOTE
r-release-windows-x86_64 1.0.2 5.00 81.00 86.00 NOTE
r-oldrel-macos-arm64 1.0.2 40.00 OK
r-oldrel-macos-x86_64 1.0.2 98.00 OK
r-oldrel-windows-x86_64 1.0.2 5.00 94.00 99.00 OK

Check Details

Version: 1.0.2
Check: DESCRIPTION meta-information
Result: NOTE Missing dependency on R >= 4.1.0 because package code uses the pipe |> or function shorthand \(...) syntax added in R 4.1.0. File(s) using such syntax: ‘extract_col.Rd’ ‘na2empty.Rd’ ‘omit_na_cols.Rd’ ‘omit_na_rows.Rd’ ‘pivot.R’ ‘pivot.Rd’ ‘utils.R’ ‘validate_col.Rd’ Flavors: r-devel-linux-x86_64-debian-clang, r-devel-linux-x86_64-debian-gcc, r-devel-linux-x86_64-fedora-clang, r-devel-linux-x86_64-fedora-gcc, r-devel-windows-x86_64, r-patched-linux-x86_64, r-release-linux-x86_64, r-release-macos-arm64, r-release-windows-x86_64

Version: 1.0.2
Check: examples
Result: NOTE Examples with CPU (user + system) or elapsed time > 5s user system elapsed extract_col 5.773 0.190 7.214 na2empty 4.520 0.060 5.339 pivot 4.464 0.031 5.579 omit_na_cols 4.449 0.037 5.524 validate_col 4.456 0.000 5.170 Flavor: r-devel-linux-x86_64-debian-clang

Version: 1.0.2
Check: DESCRIPTION meta-information
Result: NOTE Missing dependency on R >= 4.1.0 because package code uses the pipe |> or function shorthand \(...) syntax added in R 4.1.0. File(s) using such syntax: ‘pivot.R’ ‘utils.R’ Flavor: r-release-macos-x86_64