Last updated on 2025-02-21 03:52:22 CET.
Flavor | Version | Tinstall | Tcheck | Ttotal | Status | Flags |
---|---|---|---|---|---|---|
r-devel-linux-x86_64-debian-clang | 0.9.4 | 7.14 | 89.43 | 96.57 | NOTE | |
r-devel-linux-x86_64-debian-gcc | 0.9.4 | 4.59 | 60.94 | 65.53 | NOTE | |
r-devel-linux-x86_64-fedora-clang | 0.9.4 | 155.11 | NOTE | |||
r-devel-linux-x86_64-fedora-gcc | 0.9.4 | 160.27 | NOTE | |||
r-devel-macos-arm64 | 0.9.4 | 67.00 | NOTE | |||
r-devel-macos-x86_64 | 0.9.4 | 104.00 | NOTE | |||
r-devel-windows-x86_64 | 0.9.4 | 8.00 | 120.00 | 128.00 | NOTE | |
r-patched-linux-x86_64 | 0.9.4 | 8.50 | 83.38 | 91.88 | NOTE | |
r-release-linux-x86_64 | 0.9.4 | 6.81 | 83.33 | 90.14 | NOTE | |
r-release-macos-arm64 | 0.9.4 | 45.00 | NOTE | |||
r-release-macos-x86_64 | 0.9.4 | 76.00 | NOTE | |||
r-release-windows-x86_64 | 0.9.4 | 8.00 | 108.00 | 116.00 | NOTE | |
r-oldrel-macos-arm64 | 0.9.4 | 50.00 | OK | |||
r-oldrel-macos-x86_64 | 0.9.4 | 117.00 | OK | |||
r-oldrel-windows-x86_64 | 0.9.4 | 10.00 | 123.00 | 133.00 | OK |
Version: 0.9.4
Check: Rd files
Result: NOTE
checkRd: (-1) sprinkle_colnames.Rd:26-28: Lost braces in \itemize; meant \describe ?
checkRd: (-1) sprinkle_colnames.Rd:29-31: Lost braces in \itemize; meant \describe ?
checkRd: (-1) tidy_levels_labels.Rd:62: Lost braces in \itemize; meant \describe ?
checkRd: (-1) tidy_levels_labels.Rd:63-68: Lost braces in \itemize; meant \describe ?
checkRd: (-1) tidy_levels_labels.Rd:69-73: Lost braces in \itemize; meant \describe ?
checkRd: (-1) tidy_levels_labels.Rd:74-77: Lost braces in \itemize; meant \describe ?
checkRd: (-1) tidy_levels_labels.Rd:78-83: Lost braces in \itemize; meant \describe ?
Flavors: r-devel-linux-x86_64-debian-clang, r-devel-linux-x86_64-debian-gcc, r-devel-linux-x86_64-fedora-clang, r-devel-linux-x86_64-fedora-gcc, r-devel-macos-arm64, r-devel-macos-x86_64, r-devel-windows-x86_64, r-patched-linux-x86_64, r-release-linux-x86_64, r-release-macos-arm64, r-release-macos-x86_64, r-release-windows-x86_64