Last updated on 2025-04-30 04:50:14 CEST.
Flavor | Version | Tinstall | Tcheck | Ttotal | Status | Flags |
---|---|---|---|---|---|---|
r-devel-linux-x86_64-debian-clang | 0.6-1 | 3.59 | 50.18 | 53.77 | NOTE | |
r-devel-linux-x86_64-debian-gcc | 0.6-1 | 2.74 | 37.21 | 39.95 | NOTE | |
r-devel-linux-x86_64-fedora-clang | 0.6-1 | 92.78 | OK | |||
r-devel-linux-x86_64-fedora-gcc | 0.6-1 | 100.02 | OK | |||
r-devel-windows-x86_64 | 0.6-1 | 5.00 | 95.00 | 100.00 | OK | |
r-patched-linux-x86_64 | 0.6-1 | 4.36 | 48.41 | 52.77 | OK | |
r-release-linux-x86_64 | 0.6-1 | 3.92 | 49.09 | 53.01 | OK | |
r-release-macos-arm64 | 0.6-1 | 44.00 | OK | |||
r-release-macos-x86_64 | 0.6-1 | 68.00 | OK | |||
r-release-windows-x86_64 | 0.6-1 | 6.00 | 95.00 | 101.00 | OK | |
r-oldrel-macos-arm64 | 0.6-1 | 52.00 | OK | |||
r-oldrel-macos-x86_64 | 0.6-1 | 63.00 | OK | |||
r-oldrel-windows-x86_64 | 0.6-1 | 4.00 | 93.00 | 97.00 | OK |
Version: 0.6-1
Check: examples
Result: NOTE
Examples with CPU (user + system) or elapsed time > 5s
user system elapsed
simulate.blim 6.951 0 7.656
Flavor: r-devel-linux-x86_64-debian-clang
Version: 0.6-1
Check: examples
Result: NOTE
Examples with CPU (user + system) or elapsed time > 5s
user system elapsed
simulate.blim 4.287 0.002 5.425
Flavor: r-devel-linux-x86_64-debian-gcc