Last updated on 2025-04-30 04:50:14 CEST.
Flavor | Version | Tinstall | Tcheck | Ttotal | Status | Flags |
---|---|---|---|---|---|---|
r-devel-linux-x86_64-debian-clang | 0.1.3 | 93.52 | 70.13 | 163.65 | OK | |
r-devel-linux-x86_64-debian-gcc | 0.1.3 | 74.99 | 58.24 | 133.23 | OK | |
r-devel-linux-x86_64-fedora-clang | 0.1.3 | 250.04 | OK | |||
r-devel-linux-x86_64-fedora-gcc | 0.1.3 | 303.81 | OK | |||
r-devel-windows-x86_64 | 0.1.3 | 88.00 | 116.00 | 204.00 | OK | |
r-patched-linux-x86_64 | 0.1.3 | 106.30 | 75.58 | 181.88 | OK | |
r-release-linux-x86_64 | 0.1.3 | 102.32 | 74.54 | 176.86 | OK | |
r-release-macos-arm64 | 0.1.3 | 76.00 | OK | |||
r-release-macos-x86_64 | 0.1.3 | 107.00 | OK | |||
r-release-windows-x86_64 | 0.1.3 | 88.00 | 111.00 | 199.00 | OK | |
r-oldrel-macos-arm64 | 0.1.3 | 75.00 | NOTE | |||
r-oldrel-macos-x86_64 | 0.1.3 | 87.00 | NOTE | |||
r-oldrel-windows-x86_64 | 0.1.3 | 98.00 | 135.00 | 233.00 | OK |
Version: 0.1.3
Check: installed package size
Result: NOTE
installed size is 28.9Mb
sub-directories of 1Mb or more:
libs 28.8Mb
Flavors: r-oldrel-macos-arm64, r-oldrel-macos-x86_64