Last updated on 2025-04-30 04:50:14 CEST.
Flavor | Version | Tinstall | Tcheck | Ttotal | Status | Flags |
---|---|---|---|---|---|---|
r-devel-linux-x86_64-debian-clang | 0.1.3 | 1.52 | 76.08 | 77.60 | NOTE | |
r-devel-linux-x86_64-debian-gcc | 0.1.3 | 1.32 | 54.52 | 55.84 | NOTE | |
r-devel-linux-x86_64-fedora-clang | 0.1.3 | 121.02 | OK | |||
r-devel-linux-x86_64-fedora-gcc | 0.1.3 | 131.18 | OK | |||
r-devel-windows-x86_64 | 0.1.3 | 3.00 | 87.00 | 90.00 | OK | |
r-patched-linux-x86_64 | 0.1.3 | 1.55 | 72.73 | 74.28 | OK | |
r-release-linux-x86_64 | 0.1.3 | 1.66 | 73.84 | 75.50 | OK | |
r-release-macos-arm64 | 0.1.3 | 41.00 | OK | |||
r-release-macos-x86_64 | 0.1.3 | 81.00 | OK | |||
r-release-windows-x86_64 | 0.1.3 | 3.00 | 81.00 | 84.00 | OK | |
r-oldrel-macos-arm64 | 0.1.3 | 42.00 | OK | |||
r-oldrel-macos-x86_64 | 0.1.3 | 61.00 | OK | |||
r-oldrel-windows-x86_64 | 0.1.3 | 3.00 | 109.00 | 112.00 | OK |
Version: 0.1.3
Check: CRAN incoming feasibility
Result: NOTE
Maintainer: ‘Davi Castro-Tavares <davi.tavares@leibniz-zmt.de>’
Package CITATION file contains call(s) to old-style personList() or
as.personList(). Please use c() on person objects instead.
Package CITATION file contains call(s) to old-style citEntry(). Please
use bibentry() instead.
Flavors: r-devel-linux-x86_64-debian-clang, r-devel-linux-x86_64-debian-gcc
Version: 0.1.3
Check: examples
Result: NOTE
Examples with CPU (user + system) or elapsed time > 5s
user system elapsed
plastic.ci 12.223 0.101 15.195
prevalence_plot 11.234 0.047 13.342
Flavor: r-devel-linux-x86_64-debian-clang
Version: 0.1.3
Check: examples
Result: NOTE
Examples with CPU (user + system) or elapsed time > 5s
user system elapsed
plastic.ci 9.239 0.168 12.831
prevalence_plot 7.735 0.043 10.460
Flavor: r-devel-linux-x86_64-debian-gcc