Last updated on 2025-04-30 04:50:14 CEST.
Flavor | Version | Tinstall | Tcheck | Ttotal | Status | Flags |
---|---|---|---|---|---|---|
r-devel-linux-x86_64-debian-clang | 1.1.4 | 27.29 | 266.25 | 293.54 | NOTE | |
r-devel-linux-x86_64-debian-gcc | 1.1.4 | 16.15 | 192.08 | 208.23 | NOTE | |
r-devel-linux-x86_64-fedora-clang | 1.1.4 | 485.22 | OK | |||
r-devel-linux-x86_64-fedora-gcc | 1.1.4 | 435.51 | OK | |||
r-devel-windows-x86_64 | 1.1.4 | 28.00 | 267.00 | 295.00 | OK | |
r-patched-linux-x86_64 | 1.1.4 | 24.38 | 248.19 | 272.57 | OK | |
r-release-linux-x86_64 | 1.1.4 | 23.44 | 251.04 | 274.48 | OK | |
r-release-macos-arm64 | 1.1.4 | 126.00 | OK | |||
r-release-macos-x86_64 | 1.1.4 | 335.00 | OK | |||
r-release-windows-x86_64 | 1.1.4 | 28.00 | 259.00 | 287.00 | OK | |
r-oldrel-macos-arm64 | 1.1.4 | 142.00 | OK | |||
r-oldrel-macos-x86_64 | 1.1.4 | 327.00 | OK | |||
r-oldrel-windows-x86_64 | 1.1.4 | 38.00 | 327.00 | 365.00 | OK |
Version: 1.1.4
Check: examples
Result: NOTE
Examples with CPU (user + system) or elapsed time > 5s
user system elapsed
02-fitCoxModel 5.466 0.178 8.004
05-Contribution-class 4.815 0.166 7.320
06-CombinedWeights-class 4.569 0.156 8.748
04-plasma-class 4.521 0.189 7.411
03-manyCoxModels 4.287 0.131 7.258
04-plasmaPredictions-class 4.261 0.144 6.691
Flavor: r-devel-linux-x86_64-debian-clang
Version: 1.1.4
Check: examples
Result: NOTE
Examples with CPU (user + system) or elapsed time > 5s
user system elapsed
02-fitCoxModel 3.766 0.198 6.549
03-manyCoxModels 3.040 0.127 5.207
04-plasma-class 3.017 0.090 5.203
05-Contribution-class 2.893 0.114 5.080
Flavor: r-devel-linux-x86_64-debian-gcc