Last updated on 2025-04-30 04:50:14 CEST.
Flavor | Version | Tinstall | Tcheck | Ttotal | Status | Flags |
---|---|---|---|---|---|---|
r-devel-linux-x86_64-debian-clang | 1.0.0 | 28.06 | 30.62 | 58.68 | NOTE | |
r-devel-linux-x86_64-debian-gcc | 1.0.0 | 20.44 | 23.50 | 43.94 | NOTE | |
r-devel-linux-x86_64-fedora-clang | 1.0.0 | 108.52 | NOTE | |||
r-devel-linux-x86_64-fedora-gcc | 1.0.0 | 100.67 | NOTE | |||
r-devel-windows-x86_64 | 1.0.0 | 35.00 | 69.00 | 104.00 | NOTE | |
r-patched-linux-x86_64 | 1.0.0 | 28.92 | 28.34 | 57.26 | NOTE | |
r-release-linux-x86_64 | 1.0.0 | 28.55 | 28.78 | 57.33 | NOTE | |
r-release-macos-arm64 | 1.0.0 | 34.00 | NOTE | |||
r-release-macos-x86_64 | 1.0.0 | 44.00 | NOTE | |||
r-release-windows-x86_64 | 1.0.0 | 34.00 | 69.00 | 103.00 | NOTE | |
r-oldrel-macos-arm64 | 1.0.0 | 30.00 | NOTE | |||
r-oldrel-macos-x86_64 | 1.0.0 | 38.00 | NOTE | |||
r-oldrel-windows-x86_64 | 1.0.0 | 39.00 | 79.00 | 118.00 | NOTE |
Version: 1.0.0
Check: C++ specification
Result: NOTE
Specified C++11: please drop specification unless essential
Flavors: r-devel-linux-x86_64-debian-clang, r-devel-linux-x86_64-debian-gcc, r-devel-linux-x86_64-fedora-clang, r-devel-linux-x86_64-fedora-gcc, r-devel-windows-x86_64, r-patched-linux-x86_64, r-release-linux-x86_64, r-release-macos-arm64, r-release-macos-x86_64, r-release-windows-x86_64, r-oldrel-macos-arm64, r-oldrel-macos-x86_64, r-oldrel-windows-x86_64