Last updated on 2025-04-30 04:50:14 CEST.
Flavor | Version | Tinstall | Tcheck | Ttotal | Status | Flags |
---|---|---|---|---|---|---|
r-devel-linux-x86_64-debian-clang | 2.0 | 11.65 | 70.06 | 81.71 | NOTE | |
r-devel-linux-x86_64-debian-gcc | 2.0 | 9.50 | 52.45 | 61.95 | NOTE | |
r-devel-linux-x86_64-fedora-clang | 2.0 | 140.90 | OK | |||
r-devel-linux-x86_64-fedora-gcc | 2.0 | 128.21 | OK | |||
r-devel-windows-x86_64 | 2.0 | 11.00 | 81.00 | 92.00 | OK | |
r-patched-linux-x86_64 | 2.0 | 11.32 | 67.79 | 79.11 | OK | |
r-release-linux-x86_64 | 2.0 | 11.50 | 67.45 | 78.95 | OK | |
r-release-macos-arm64 | 2.0 | 80.00 | OK | |||
r-release-macos-x86_64 | 2.0 | 102.00 | OK | |||
r-release-windows-x86_64 | 2.0 | 10.00 | 78.00 | 88.00 | OK | |
r-oldrel-macos-arm64 | 2.0 | 53.00 | OK | |||
r-oldrel-macos-x86_64 | 2.0 | 72.00 | OK | |||
r-oldrel-windows-x86_64 | 2.0 | 13.00 | 81.00 | 94.00 | OK |
Version: 2.0
Check: CRAN incoming feasibility
Result: NOTE
Maintainer: ‘Dhammapal Bharne <dhammapalb@uohyd.ac.in>’
No Authors@R field in DESCRIPTION.
Please add one, modifying
Authors@R: c(person(given = "Dhammapal",
family = "Bharne",
role = c("aut", "cre"),
email = "dhammapalb@uohyd.ac.in"),
person(given = "Vaibhav",
family = "Vindal",
role = "aut"))
as necessary.
Flavors: r-devel-linux-x86_64-debian-clang, r-devel-linux-x86_64-debian-gcc