CRAN Package Check Results for Package pliman

Last updated on 2025-04-30 04:50:14 CEST.

Flavor Version Tinstall Tcheck Ttotal Status Flags
r-devel-linux-x86_64-debian-clang 3.0.0 81.21 370.23 451.44 OK
r-devel-linux-x86_64-debian-gcc 3.0.0 55.10 239.45 294.55 OK
r-devel-linux-x86_64-fedora-clang 3.0.0 741.69 OK
r-devel-linux-x86_64-fedora-gcc 3.0.0 681.28 OK
r-devel-windows-x86_64 3.0.0 87.00 379.00 466.00 OK
r-patched-linux-x86_64 3.0.0 88.59 347.81 436.40 OK
r-release-linux-x86_64 3.0.0 82.90 344.15 427.05 OK
r-release-macos-arm64 3.0.0 151.00 OK
r-release-macos-x86_64 3.0.0 291.00 OK
r-release-windows-x86_64 3.0.0 88.00 371.00 459.00 OK
r-oldrel-macos-arm64 3.0.0 146.00 NOTE
r-oldrel-macos-x86_64 3.0.0 272.00 NOTE
r-oldrel-windows-x86_64 3.0.0 107.00 499.00 606.00 OK

Check Details

Version: 3.0.0
Check: installed package size
Result: NOTE installed size is 7.1Mb sub-directories of 1Mb or more: libs 3.8Mb tmp_images 1.9Mb Flavors: r-oldrel-macos-arm64, r-oldrel-macos-x86_64