Last updated on 2025-02-21 03:52:22 CET.
Flavor | Version | Tinstall | Tcheck | Ttotal | Status | Flags |
---|---|---|---|---|---|---|
r-devel-linux-x86_64-debian-clang | 2.8-5 | 5.93 | 56.53 | 62.46 | OK | |
r-devel-linux-x86_64-debian-gcc | 2.8-5 | 3.64 | 40.40 | 44.04 | OK | |
r-devel-linux-x86_64-fedora-clang | 2.8-5 | 99.27 | OK | |||
r-devel-linux-x86_64-fedora-gcc | 2.8-5 | 108.00 | OK | |||
r-devel-macos-arm64 | 2.8-5 | 41.00 | OK | |||
r-devel-macos-x86_64 | 2.8-5 | 75.00 | OK | |||
r-devel-windows-x86_64 | 2.8-5 | 7.00 | 102.00 | 109.00 | OK | |
r-patched-linux-x86_64 | 2.8-5 | 5.41 | 53.47 | 58.88 | OK | |
r-release-linux-x86_64 | 2.8-5 | 4.51 | 53.90 | 58.41 | OK | |
r-release-macos-arm64 | 2.8-5 | 45.00 | NOTE | |||
r-release-macos-x86_64 | 2.8-5 | 89.00 | NOTE | |||
r-release-windows-x86_64 | 2.8-5 | 7.00 | 94.00 | 101.00 | OK | |
r-oldrel-macos-arm64 | 2.8-5 | 54.00 | NOTE | |||
r-oldrel-macos-x86_64 | 2.8-5 | 85.00 | NOTE | |||
r-oldrel-windows-x86_64 | 2.8-5 | 8.00 | 101.00 | 109.00 | OK |
Version: 2.8-5
Check: package dependencies
Result: NOTE
Package suggested but not available for checking: ‘Rmpi’
Flavors: r-release-macos-arm64, r-release-macos-x86_64, r-oldrel-macos-arm64, r-oldrel-macos-x86_64