Last updated on 2025-02-21 03:52:22 CET.
Flavor | Version | Tinstall | Tcheck | Ttotal | Status | Flags |
---|---|---|---|---|---|---|
r-devel-linux-x86_64-debian-clang | 0.3.0 | 30.42 | 184.59 | 215.01 | NOTE | |
r-devel-linux-x86_64-debian-gcc | 0.3.0 | 19.69 | 128.29 | 147.98 | NOTE | |
r-devel-linux-x86_64-fedora-clang | 0.3.0 | 368.64 | OK | |||
r-devel-linux-x86_64-fedora-gcc | 0.3.0 | 355.57 | OK | |||
r-devel-macos-arm64 | 0.3.0 | 100.00 | OK | |||
r-devel-macos-x86_64 | 0.3.0 | 176.00 | OK | |||
r-devel-windows-x86_64 | 0.3.0 | 28.00 | 179.00 | 207.00 | NOTE | |
r-patched-linux-x86_64 | 0.3.0 | 36.43 | 175.82 | 212.25 | OK | |
r-release-linux-x86_64 | 0.3.0 | 26.45 | 178.04 | 204.49 | OK | |
r-release-macos-arm64 | 0.3.0 | 90.00 | OK | |||
r-release-macos-x86_64 | 0.3.0 | 149.00 | OK | |||
r-release-windows-x86_64 | 0.3.0 | 29.00 | 176.00 | 205.00 | OK | |
r-oldrel-macos-arm64 | 0.3.0 | 101.00 | OK | |||
r-oldrel-macos-x86_64 | 0.3.0 | 141.00 | OK | |||
r-oldrel-windows-x86_64 | 0.3.0 | 38.00 | 216.00 | 254.00 | OK |
Version: 0.3.0
Check: Rd cross-references
Result: NOTE
Found the following Rd file(s) with Rd \link{} targets missing package
anchors:
PLS_beta_wvc.Rd: PLS_glm_kfoldcv_formula, PLS_lm_wvc
Please provide package anchors for all Rd \link{} targets not in the
package itself and the base packages.
Flavors: r-devel-linux-x86_64-debian-clang, r-devel-linux-x86_64-debian-gcc, r-devel-windows-x86_64