CRAN Package Check Results for Package pltesim

Last updated on 2025-02-21 03:52:22 CET.

Flavor Version Tinstall Tcheck Ttotal Status Flags
r-devel-linux-x86_64-debian-clang 1.0 4.42 47.00 51.42 NOTE
r-devel-linux-x86_64-debian-gcc 1.0 3.46 33.18 36.64 NOTE
r-devel-linux-x86_64-fedora-clang 1.0 78.65 OK
r-devel-linux-x86_64-fedora-gcc 1.0 75.21 OK
r-devel-macos-arm64 1.0 27.00 OK
r-devel-macos-x86_64 1.0 50.00 OK
r-devel-windows-x86_64 1.0 6.00 65.00 71.00 NOTE
r-patched-linux-x86_64 1.0 9.18 43.54 52.72 OK
r-release-linux-x86_64 1.0 4.79 42.73 47.52 OK
r-release-macos-arm64 1.0 26.00 OK
r-release-macos-x86_64 1.0 39.00 OK
r-release-windows-x86_64 1.0 7.00 62.00 69.00 OK
r-oldrel-macos-arm64 1.0 30.00 OK
r-oldrel-macos-x86_64 1.0 42.00 OK
r-oldrel-windows-x86_64 1.0 7.00 72.00 79.00 OK

Check Details

Version: 1.0
Check: Rd cross-references
Result: NOTE Found the following Rd file(s) with Rd \link{} targets missing package anchors: plte_builder.Rd: qi_builder Please provide package anchors for all Rd \link{} targets not in the package itself and the base packages. Flavors: r-devel-linux-x86_64-debian-clang, r-devel-linux-x86_64-debian-gcc, r-devel-windows-x86_64