CRAN Package Check Results for Package pmhtutorial

Last updated on 2025-04-30 04:50:14 CEST.

Flavor Version Tinstall Tcheck Ttotal Status Flags
r-devel-linux-x86_64-debian-clang 1.5 2.18 25.53 27.71 NOTE
r-devel-linux-x86_64-debian-gcc 1.5 2.04 19.62 21.66 NOTE
r-devel-linux-x86_64-fedora-clang 1.5 44.36 OK
r-devel-linux-x86_64-fedora-gcc 1.5 42.27 OK
r-devel-windows-x86_64 1.5 4.00 60.00 64.00 OK
r-patched-linux-x86_64 1.5 2.89 24.44 27.33 OK
r-release-linux-x86_64 1.5 2.09 24.24 26.33 OK
r-release-macos-arm64 1.5 19.00 OK
r-release-macos-x86_64 1.5 31.00 OK
r-release-windows-x86_64 1.5 5.00 52.00 57.00 OK
r-oldrel-macos-arm64 1.5 17.00 NOTE
r-oldrel-macos-x86_64 1.5 25.00 NOTE
r-oldrel-windows-x86_64 1.5 5.00 53.00 58.00 NOTE

Check Details

Version: 1.5
Check: CRAN incoming feasibility
Result: NOTE Maintainer: ‘Johan Dahlin <uni@johandahlin.com>’ No Authors@R field in DESCRIPTION. Please add one, modifying Authors@R: person(given = "Johan", family = "Dahlin", role = c("aut", "cre"), email = "uni@johandahlin.com") as necessary. Flavors: r-devel-linux-x86_64-debian-clang, r-devel-linux-x86_64-debian-gcc

Version: 1.5
Check: LazyData
Result: NOTE 'LazyData' is specified without a 'data' directory Flavors: r-oldrel-macos-arm64, r-oldrel-macos-x86_64, r-oldrel-windows-x86_64