Last updated on 2025-04-30 04:50:14 CEST.
Flavor | Version | Tinstall | Tcheck | Ttotal | Status | Flags |
---|---|---|---|---|---|---|
r-devel-linux-x86_64-debian-clang | 0.1.0 | 3.26 | 256.55 | 259.81 | NOTE | |
r-devel-linux-x86_64-debian-gcc | 0.1.0 | 2.19 | 185.98 | 188.17 | NOTE | |
r-devel-linux-x86_64-fedora-clang | 0.1.0 | 416.11 | OK | |||
r-devel-linux-x86_64-fedora-gcc | 0.1.0 | 443.65 | OK | |||
r-devel-windows-x86_64 | 0.1.0 | 4.00 | 305.00 | 309.00 | OK | |
r-patched-linux-x86_64 | 0.1.0 | 2.41 | 247.48 | 249.89 | OK | |
r-release-linux-x86_64 | 0.1.0 | 3.00 | 247.93 | 250.93 | OK | |
r-release-macos-arm64 | 0.1.0 | 177.00 | OK | |||
r-release-macos-x86_64 | 0.1.0 | 203.00 | OK | |||
r-release-windows-x86_64 | 0.1.0 | 5.00 | 317.00 | 322.00 | OK | |
r-oldrel-macos-arm64 | 0.1.0 | 172.00 | OK | |||
r-oldrel-macos-x86_64 | 0.1.0 | 195.00 | OK | |||
r-oldrel-windows-x86_64 | 0.1.0 | 6.00 | 385.00 | 391.00 | OK |
Version: 0.1.0
Check: examples
Result: NOTE
Examples with CPU (user + system) or elapsed time > 5s
user system elapsed
prediction_stability 6.931 0.469 9.589
boot_optimism 6.200 0.411 10.240
validate 6.151 0.447 9.677
classification_stability 6.151 0.444 10.114
mape_stability 6.198 0.394 9.796
summary.internal_validate 5.873 0.398 8.215
Flavor: r-devel-linux-x86_64-debian-clang
Version: 0.1.0
Check: examples
Result: NOTE
Examples with CPU (user + system) or elapsed time > 5s
user system elapsed
prediction_stability 4.888 0.144 6.371
boot_optimism 4.492 0.454 6.452
summary.internal_validate 4.489 0.164 6.700
classification_stability 4.349 0.273 5.705
mape_stability 4.388 0.162 6.077
validate 4.224 0.119 6.191
Flavor: r-devel-linux-x86_64-debian-gcc